Last updated on 2025-02-21 17:50:40 CET.
Flavor | Version | Tinstall | Tcheck | Ttotal | Status | Flags |
---|---|---|---|---|---|---|
r-devel-linux-x86_64-debian-clang | 0.6-192 | 116.20 | 176.74 | 292.94 | OK | |
r-devel-linux-x86_64-debian-gcc | 0.6-192 | 81.99 | 120.03 | 202.02 | OK | |
r-devel-linux-x86_64-fedora-clang | 0.6-192 | 526.86 | OK | |||
r-devel-linux-x86_64-fedora-gcc | 0.6-192 | 500.94 | OK | |||
r-devel-macos-arm64 | 0.6-192 | 140.00 | OK | |||
r-devel-macos-x86_64 | 0.6-192 | 235.00 | OK | |||
r-devel-windows-x86_64 | 0.6-192 | 126.00 | 202.00 | 328.00 | OK | |
r-patched-linux-x86_64 | 0.6-192 | 112.10 | 164.94 | 277.04 | NOTE | |
r-release-linux-x86_64 | 0.6-192 | 112.65 | 165.08 | 277.73 | NOTE | |
r-release-macos-arm64 | 0.6-192 | 79.00 | NOTE | |||
r-release-macos-x86_64 | 0.6-192 | 121.00 | NOTE | |||
r-release-windows-x86_64 | 0.6-192 | 125.00 | 200.00 | 325.00 | NOTE | |
r-oldrel-macos-arm64 | 0.6-192 | 182.00 | NOTE | |||
r-oldrel-macos-x86_64 | 0.6-192 | 272.00 | NOTE | |||
r-oldrel-windows-x86_64 | 0.6-192 | 157.00 | 278.00 | 435.00 | NOTE |
Version: 0.6-192
Check: for GNU extensions in Makefiles
Result: NOTE
GNU make is a SystemRequirements.
Flavors: r-patched-linux-x86_64, r-release-linux-x86_64, r-release-macos-arm64, r-release-macos-x86_64, r-release-windows-x86_64, r-oldrel-macos-arm64, r-oldrel-macos-x86_64, r-oldrel-windows-x86_64
Version: 0.6-192
Check: installed package size
Result: NOTE
installed size is 10.6Mb
sub-directories of 1Mb or more:
data 4.7Mb
libs 5.1Mb
Flavors: r-release-macos-arm64, r-release-macos-x86_64, r-release-windows-x86_64, r-oldrel-macos-arm64, r-oldrel-macos-x86_64, r-oldrel-windows-x86_64