Last updated on 2025-05-22 18:52:05 CEST.
Flavor | Version | Tinstall | Tcheck | Ttotal | Status | Flags |
---|---|---|---|---|---|---|
r-devel-linux-x86_64-debian-clang | 0.6-192 | 121.26 | 180.74 | 302.00 | OK | |
r-devel-linux-x86_64-debian-gcc | 0.6-192 | 81.61 | 126.36 | 207.97 | OK | |
r-devel-linux-x86_64-fedora-clang | 0.6-192 | 538.60 | OK | |||
r-devel-linux-x86_64-fedora-gcc | 0.6-192 | 531.02 | OK | |||
r-devel-windows-x86_64 | 0.6-192 | 143.00 | 262.00 | 405.00 | OK | |
r-patched-linux-x86_64 | 0.6-192 | 112.32 | 172.46 | 284.78 | OK | |
r-release-linux-x86_64 | 0.6-192 | 114.00 | 174.16 | 288.16 | OK | |
r-release-macos-arm64 | 0.6-192 | 129.00 | OK | |||
r-release-macos-x86_64 | 0.6-192 | 235.00 | OK | |||
r-release-windows-x86_64 | 0.6-192 | 144.00 | 266.00 | 410.00 | OK | |
r-oldrel-macos-arm64 | 0.6-192 | 79.00 | NOTE | |||
r-oldrel-macos-x86_64 | 0.6-192 | 121.00 | NOTE | |||
r-oldrel-windows-x86_64 | 0.6-192 | 167.00 | 261.00 | 428.00 | NOTE |
Version: 0.6-192
Check: installed package size
Result: NOTE
installed size is 10.6Mb
sub-directories of 1Mb or more:
data 4.7Mb
libs 5.1Mb
Flavors: r-oldrel-macos-arm64, r-oldrel-macos-x86_64, r-oldrel-windows-x86_64
Version: 0.6-192
Check: for GNU extensions in Makefiles
Result: NOTE
GNU make is a SystemRequirements.
Flavors: r-oldrel-macos-arm64, r-oldrel-macos-x86_64, r-oldrel-windows-x86_64