CRAN Package Check Results for Package fastRhockey

Last updated on 2025-11-04 11:52:30 CET.

Flavor Version Tinstall Tcheck Ttotal Status Flags
r-devel-linux-x86_64-debian-clang 0.4.0 9.68 72.59 82.27 NOTE
r-devel-linux-x86_64-debian-gcc 0.4.0 6.74 50.32 57.06 NOTE
r-devel-linux-x86_64-fedora-clang 0.4.0 25.00 101.08 126.08 NOTE
r-devel-linux-x86_64-fedora-gcc 0.4.0 21.00 94.42 115.42 NOTE
r-devel-windows-x86_64 0.4.0 11.00 92.00 103.00 NOTE
r-patched-linux-x86_64 0.4.0 9.14 66.67 75.81 NOTE
r-release-linux-x86_64 0.4.0 9.17 65.94 75.11 NOTE
r-release-macos-arm64 0.4.0 4.00 33.00 37.00 NOTE
r-release-macos-x86_64 0.4.0 10.00 66.00 76.00 NOTE
r-release-windows-x86_64 0.4.0 12.00 85.00 97.00 NOTE
r-oldrel-macos-arm64 0.4.0 2.00 25.00 27.00 NOTE
r-oldrel-macos-x86_64 0.4.0 5.00 40.00 45.00 NOTE
r-oldrel-windows-x86_64 0.4.0 16.00 111.00 127.00 NOTE

Check Details

Version: 0.4.0
Check: Rd files
Result: NOTE checkRd: (-1) update_nhl_db.Rd:51-53: Lost braces in \itemize; meant \describe ? checkRd: (-1) update_nhl_db.Rd:54-57: Lost braces in \itemize; meant \describe ? checkRd: (-1) update_phf_db.Rd:51-53: Lost braces in \itemize; meant \describe ? checkRd: (-1) update_phf_db.Rd:54-57: Lost braces in \itemize; meant \describe ? Flavors: r-devel-linux-x86_64-debian-clang, r-devel-linux-x86_64-debian-gcc, r-devel-linux-x86_64-fedora-clang, r-devel-linux-x86_64-fedora-gcc, r-devel-windows-x86_64, r-patched-linux-x86_64, r-release-linux-x86_64, r-release-macos-arm64, r-release-macos-x86_64, r-release-windows-x86_64, r-oldrel-macos-arm64, r-oldrel-macos-x86_64, r-oldrel-windows-x86_64

mirror server hosted at Truenetwork, Russian Federation.