Last updated on 2025-11-04 11:52:30 CET.
| Flavor | Version | Tinstall | Tcheck | Ttotal | Status | Flags | 
|---|---|---|---|---|---|---|
| r-devel-linux-x86_64-debian-clang | 1.0 | 2.78 | 21.77 | 24.55 | NOTE | |
| r-devel-linux-x86_64-debian-gcc | 1.0 | 2.01 | 17.50 | 19.51 | NOTE | |
| r-devel-linux-x86_64-fedora-clang | 1.0 | 36.59 | OK | |||
| r-devel-linux-x86_64-fedora-gcc | 1.0 | 34.96 | OK | |||
| r-devel-windows-x86_64 | 1.0 | 4.00 | 39.00 | 43.00 | OK | |
| r-patched-linux-x86_64 | 1.0 | 2.93 | 20.81 | 23.74 | OK | |
| r-release-linux-x86_64 | 1.0 | 2.65 | 20.77 | 23.42 | OK | |
| r-release-macos-arm64 | 1.0 | 2.00 | 16.00 | 18.00 | OK | |
| r-release-macos-x86_64 | 1.0 | 2.00 | 23.00 | 25.00 | OK | |
| r-release-windows-x86_64 | 1.0 | 4.00 | 39.00 | 43.00 | OK | |
| r-oldrel-macos-arm64 | 1.0 | 1.00 | 16.00 | 17.00 | OK | |
| r-oldrel-macos-x86_64 | 1.0 | 2.00 | 20.00 | 22.00 | OK | |
| r-oldrel-windows-x86_64 | 1.0 | 5.00 | 48.00 | 53.00 | OK | 
Version: 1.0
Check: CRAN incoming feasibility
Result: NOTE
  Maintainer: ‘Georg Hahn <ghahn@hsph.harvard.edu>’
  
  No Authors@R field in DESCRIPTION.
  Please add one, modifying
    Authors@R: person(given = "Georg",
                      family = "Hahn",
                      role = c("aut", "cre"),
                      email = "ghahn@hsph.harvard.edu")
  as necessary.
Flavors: r-devel-linux-x86_64-debian-clang, r-devel-linux-x86_64-debian-gcc