Last updated on 2025-11-04 05:51:10 CET.
| Flavor | Version | Tinstall | Tcheck | Ttotal | Status | Flags | 
|---|---|---|---|---|---|---|
| r-devel-linux-x86_64-debian-clang | 2.1.2 | 26.07 | 24.51 | 50.58 | OK | |
| r-devel-linux-x86_64-debian-gcc | 2.1.2 | 25.17 | 19.78 | 44.95 | OK | |
| r-devel-linux-x86_64-fedora-clang | 2.1.2 | 39.00 | 38.51 | 77.51 | OK | |
| r-devel-linux-x86_64-fedora-gcc | 2.1.2 | 85.00 | 16.92 | 101.92 | OK | |
| r-devel-windows-x86_64 | 2.1.2 | 41.00 | 59.00 | 100.00 | OK | |
| r-patched-linux-x86_64 | 2.1.2 | 32.89 | 22.16 | 55.05 | OK | |
| r-release-linux-x86_64 | 2.1.2 | 31.53 | 22.33 | 53.86 | OK | |
| r-release-macos-arm64 | 2.1.2 | 11.00 | 22.00 | 33.00 | OK | |
| r-release-macos-x86_64 | 2.1.2 | 17.00 | 28.00 | 45.00 | OK | |
| r-release-windows-x86_64 | 2.1.2 | 43.00 | 58.00 | 101.00 | OK | |
| r-oldrel-macos-arm64 | 2.1.2 | 10.00 | 21.00 | 31.00 | OK | |
| r-oldrel-macos-x86_64 | 2.1.2 | 14.00 | 24.00 | 38.00 | NOTE | |
| r-oldrel-windows-x86_64 | 2.1.2 | 43.00 | 67.00 | 110.00 | OK | 
Version: 2.1.2
Check: installed package size
Result: NOTE
    installed size is  5.4Mb
    sub-directories of 1Mb or more:
      help   1.6Mb
      libs   3.8Mb
Flavor: r-oldrel-macos-x86_64