Last updated on 2025-02-21 17:50:40 CET.
Flavor | Version | Tinstall | Tcheck | Ttotal | Status | Flags |
---|---|---|---|---|---|---|
r-devel-linux-x86_64-debian-clang | 1.0.6 | 7.61 | 61.03 | 68.64 | NOTE | |
r-devel-linux-x86_64-debian-gcc | 1.0.6 | 6.99 | 42.01 | 49.00 | NOTE | |
r-devel-linux-x86_64-fedora-clang | 1.0.6 | 118.87 | NOTE | |||
r-devel-linux-x86_64-fedora-gcc | 1.0.6 | 122.63 | NOTE | |||
r-devel-macos-arm64 | 1.0.6 | 39.00 | NOTE | |||
r-devel-macos-x86_64 | 1.0.6 | 85.00 | NOTE | |||
r-devel-windows-x86_64 | 1.0.6 | 20.00 | 86.00 | 106.00 | NOTE | |
r-patched-linux-x86_64 | 1.0.6 | 8.54 | 58.99 | 67.53 | OK | |
r-release-linux-x86_64 | 1.0.6 | 6.94 | 57.82 | 64.76 | OK | |
r-release-macos-arm64 | 1.0.6 | 40.00 | OK | |||
r-release-macos-x86_64 | 1.0.6 | 62.00 | OK | |||
r-release-windows-x86_64 | 1.0.6 | 19.00 | 87.00 | 106.00 | OK | |
r-oldrel-macos-arm64 | 1.0.6 | 69.00 | OK | |||
r-oldrel-macos-x86_64 | 1.0.6 | 130.00 | OK | |||
r-oldrel-windows-x86_64 | 1.0.6 | 19.00 | 98.00 | 117.00 | OK |
Version: 1.0.6
Check: compiled code
Result: NOTE
File ‘fansi/libs/fansi.so’:
Found non-API call to R: ‘R_nchar’
Compiled code should not call non-API entry points in R.
See ‘Writing portable packages’ in the ‘Writing R Extensions’ manual,
and section ‘Moving into C API compliance’ for issues with the use of
non-API entry points.
Flavors: r-devel-linux-x86_64-debian-clang, r-devel-linux-x86_64-debian-gcc, r-devel-linux-x86_64-fedora-clang, r-devel-linux-x86_64-fedora-gcc, r-devel-macos-arm64, r-devel-macos-x86_64
Version: 1.0.6
Check: compiled code
Result: NOTE
File 'fansi/libs/x64/fansi.dll':
Found non-API call to R: 'R_nchar'
Compiled code should not call non-API entry points in R.
See 'Writing portable packages' in the 'Writing R Extensions' manual,
and section 'Moving into C API compliance' for issues with the use of
non-API entry points.
Flavor: r-devel-windows-x86_64