Last updated on 2025-11-04 11:52:30 CET.
| Flavor | Version | Tinstall | Tcheck | Ttotal | Status | Flags | 
|---|---|---|---|---|---|---|
| r-devel-linux-x86_64-debian-clang | 4.0.0 | 3.30 | 31.35 | 34.65 | NOTE | |
| r-devel-linux-x86_64-debian-gcc | 4.0.0 | 2.61 | 23.51 | 26.12 | NOTE | |
| r-devel-linux-x86_64-fedora-clang | 4.0.0 | 49.92 | OK | |||
| r-devel-linux-x86_64-fedora-gcc | 4.0.0 | 48.34 | OK | |||
| r-devel-windows-x86_64 | 4.0.0 | 5.00 | 50.00 | 55.00 | OK | |
| r-patched-linux-x86_64 | 4.0.0 | 3.72 | 29.80 | 33.52 | NOTE | |
| r-release-linux-x86_64 | 4.0.0 | 3.26 | 29.95 | 33.21 | NOTE | |
| r-release-macos-arm64 | 4.0.0 | 2.00 | 19.00 | 21.00 | OK | |
| r-release-macos-x86_64 | 4.0.0 | 3.00 | 30.00 | 33.00 | OK | |
| r-release-windows-x86_64 | 4.0.0 | 5.00 | 50.00 | 55.00 | OK | |
| r-oldrel-macos-arm64 | 4.0.0 | 2.00 | 28.00 | 30.00 | OK | |
| r-oldrel-macos-x86_64 | 4.0.0 | 3.00 | 27.00 | 30.00 | OK | |
| r-oldrel-windows-x86_64 | 4.0.0 | 7.00 | 58.00 | 65.00 | OK | 
Version: 4.0.0
Check: CRAN incoming feasibility
Result: NOTE
  Maintainer: ‘Guy J. Abel <g.j.abel@gmail.com>’
  
  Package CITATION file contains call(s) to old-style personList() or
  as.personList().  Please use c() on person objects instead.
  Package CITATION file contains call(s) to old-style citEntry().  Please
  use bibentry() instead.
Flavors: r-devel-linux-x86_64-debian-clang, r-devel-linux-x86_64-debian-gcc
Version: 4.0.0
Check: for unstated dependencies in ‘demo’
Result: NOTE
  'library' or 'require' calls not declared from:
    ‘RColorBrewer’ ‘colorspace’ ‘zoo’
Flavors: r-devel-linux-x86_64-debian-clang, r-devel-linux-x86_64-debian-gcc, r-patched-linux-x86_64, r-release-linux-x86_64