Last updated on 2025-11-04 05:51:10 CET.
| Flavor | Version | Tinstall | Tcheck | Ttotal | Status | Flags | 
|---|---|---|---|---|---|---|
| r-devel-linux-x86_64-debian-clang | 1.5.0 | 65.57 | 367.31 | 432.88 | OK | |
| r-devel-linux-x86_64-debian-gcc | 1.5.0 | 39.64 | 214.53 | 254.17 | OK | |
| r-devel-linux-x86_64-fedora-clang | 1.5.0 | 324.00 | 386.51 | 710.51 | OK | |
| r-devel-linux-x86_64-fedora-gcc | 1.5.0 | 132.00 | 508.52 | 640.52 | OK | |
| r-devel-windows-x86_64 | 1.5.0 | 63.00 | 292.00 | 355.00 | OK | |
| r-patched-linux-x86_64 | 1.5.0 | 77.55 | 337.65 | 415.20 | OK | |
| r-release-linux-x86_64 | 1.5.0 | 65.07 | 316.34 | 381.41 | OK | |
| r-release-macos-arm64 | 1.5.0 | 28.00 | 127.00 | 155.00 | OK | |
| r-release-macos-x86_64 | 1.5.0 | 58.00 | 283.00 | 341.00 | OK | |
| r-release-windows-x86_64 | 1.5.0 | 67.00 | 292.00 | 359.00 | OK | |
| r-oldrel-macos-arm64 | 1.5.0 | 27.00 | 120.00 | 147.00 | NOTE | |
| r-oldrel-macos-x86_64 | 1.5.0 | 67.00 | 225.00 | 292.00 | NOTE | |
| r-oldrel-windows-x86_64 | 1.5.0 | 88.00 | 397.00 | 485.00 | NOTE | 
Version: 1.5.0
Check: installed package size
Result: NOTE
    installed size is  6.3Mb
    sub-directories of 1Mb or more:
      R      4.0Mb
      help   1.2Mb
Flavors: r-oldrel-macos-arm64, r-oldrel-macos-x86_64, r-oldrel-windows-x86_64