Last updated on 2025-11-04 05:51:10 CET.
| Flavor | Version | Tinstall | Tcheck | Ttotal | Status | Flags | 
|---|---|---|---|---|---|---|
| r-devel-linux-x86_64-debian-clang | 1.0.0 | 6.13 | 72.56 | 78.69 | NOTE | |
| r-devel-linux-x86_64-debian-gcc | 1.0.0 | 4.77 | 52.26 | 57.03 | NOTE | |
| r-devel-linux-x86_64-fedora-clang | 1.0.0 | 16.00 | 107.62 | 123.62 | NOTE | |
| r-devel-linux-x86_64-fedora-gcc | 1.0.0 | 13.00 | 118.47 | 131.47 | NOTE | |
| r-devel-windows-x86_64 | 1.0.0 | 7.00 | 90.00 | 97.00 | NOTE | |
| r-patched-linux-x86_64 | 1.0.0 | 5.57 | 67.50 | 73.07 | NOTE | |
| r-release-linux-x86_64 | 1.0.0 | 6.28 | 66.29 | 72.57 | NOTE | |
| r-release-macos-arm64 | 1.0.0 | 3.00 | 39.00 | 42.00 | NOTE | |
| r-release-macos-x86_64 | 1.0.0 | 6.00 | 77.00 | 83.00 | NOTE | |
| r-release-windows-x86_64 | 1.0.0 | 7.00 | 82.00 | 89.00 | NOTE | |
| r-oldrel-macos-arm64 | 1.0.0 | 3.00 | 48.00 | 51.00 | NOTE | |
| r-oldrel-macos-x86_64 | 1.0.0 | 5.00 | 86.00 | 91.00 | NOTE | |
| r-oldrel-windows-x86_64 | 1.0.0 | 10.00 | 141.00 | 151.00 | NOTE | 
Version: 1.0.0
Check: Rd files
Result: NOTE
  checkRd: (-1) fra_sf.Rd:22: Lost braces; missing escapes or markup?
      22 | A map of France as {sf} object. Can be used as dataset or for maps
         |                    ^
Flavors: r-devel-linux-x86_64-debian-clang, r-devel-linux-x86_64-debian-gcc, r-devel-linux-x86_64-fedora-clang, r-devel-linux-x86_64-fedora-gcc, r-devel-windows-x86_64, r-patched-linux-x86_64, r-release-linux-x86_64, r-release-macos-arm64, r-release-macos-x86_64, r-release-windows-x86_64, r-oldrel-macos-arm64, r-oldrel-macos-x86_64, r-oldrel-windows-x86_64