Last updated on 2025-02-21 17:50:40 CET.
Flavor | Version | Tinstall | Tcheck | Ttotal | Status | Flags |
---|---|---|---|---|---|---|
r-devel-linux-x86_64-debian-clang | 1.1.0 | 82.34 | 79.04 | 161.38 | OK | |
r-devel-linux-x86_64-debian-gcc | 1.1.0 | 57.12 | 54.46 | 111.58 | OK | |
r-devel-linux-x86_64-fedora-clang | 1.1.0 | 300.45 | OK | |||
r-devel-linux-x86_64-fedora-gcc | 1.1.0 | 290.70 | OK | |||
r-devel-macos-arm64 | 1.1.0 | 75.00 | OK | |||
r-devel-macos-x86_64 | 1.1.0 | 118.00 | OK | |||
r-devel-windows-x86_64 | 1.1.0 | 81.00 | 130.00 | 211.00 | OK | |
r-patched-linux-x86_64 | 1.1.0 | 80.66 | 74.93 | 155.59 | OK | |
r-release-linux-x86_64 | 1.1.0 | 80.68 | 74.77 | 155.45 | OK | |
r-release-macos-arm64 | 1.1.0 | 76.00 | NOTE | |||
r-release-macos-x86_64 | 1.1.0 | 92.00 | NOTE | |||
r-release-windows-x86_64 | 1.1.0 | 82.00 | 135.00 | 217.00 | OK | |
r-oldrel-macos-arm64 | 1.1.0 | 93.00 | NOTE | |||
r-oldrel-macos-x86_64 | 1.1.0 | 268.00 | NOTE | |||
r-oldrel-windows-x86_64 | 1.1.0 | 101.00 | 155.00 | 256.00 | OK |
Version: 1.1.0
Check: installed package size
Result: NOTE
installed size is 7.6Mb
sub-directories of 1Mb or more:
doc 2.5Mb
libs 4.7Mb
Flavors: r-release-macos-arm64, r-release-macos-x86_64, r-oldrel-macos-arm64, r-oldrel-macos-x86_64