Last updated on 2025-02-22 11:51:26 CET.
Flavor | Version | Tinstall | Tcheck | Ttotal | Status | Flags |
---|---|---|---|---|---|---|
r-devel-linux-x86_64-debian-clang | 1.2.3 | 6.30 | 55.58 | 61.88 | NOTE | |
r-devel-linux-x86_64-debian-gcc | 1.2.3 | 5.57 | 41.57 | 47.14 | NOTE | |
r-devel-linux-x86_64-fedora-clang | 1.2.3 | 103.20 | OK | |||
r-devel-linux-x86_64-fedora-gcc | 1.2.3 | 92.54 | OK | |||
r-devel-macos-arm64 | 1.2.3 | 38.00 | OK | |||
r-devel-macos-x86_64 | 1.2.3 | 64.00 | OK | |||
r-devel-windows-x86_64 | 1.2.3 | 8.00 | 68.00 | 76.00 | NOTE | |
r-patched-linux-x86_64 | 1.2.3 | 9.63 | 52.27 | 61.90 | OK | |
r-release-linux-x86_64 | 1.2.3 | 6.56 | 52.38 | 58.94 | OK | |
r-release-macos-arm64 | 1.2.3 | 32.00 | OK | |||
r-release-macos-x86_64 | 1.2.3 | 46.00 | OK | |||
r-release-windows-x86_64 | 1.2.3 | 8.00 | 68.00 | 76.00 | OK | |
r-oldrel-macos-arm64 | 1.2.3 | 34.00 | OK | |||
r-oldrel-macos-x86_64 | 1.2.3 | 81.00 | OK | |||
r-oldrel-windows-x86_64 | 1.2.3 | 10.00 | 82.00 | 92.00 | OK |
Version: 1.2.3
Check: Rd cross-references
Result: NOTE
Found the following Rd file(s) with Rd \link{} targets missing package
anchors:
factorplot.Rd: glht, summary.glht
Please provide package anchors for all Rd \link{} targets not in the
package itself and the base packages.
Flavors: r-devel-linux-x86_64-debian-clang, r-devel-linux-x86_64-debian-gcc, r-devel-windows-x86_64