Last updated on 2025-07-16 07:49:05 CEST.
Flavor | Version | Tinstall | Tcheck | Ttotal | Status | Flags |
---|---|---|---|---|---|---|
r-devel-linux-x86_64-debian-clang | 0.1.0 | 4.24 | 40.05 | 44.29 | OK | |
r-devel-linux-x86_64-debian-gcc | 0.1.0 | 3.22 | 31.45 | 34.67 | OK | |
r-devel-linux-x86_64-fedora-clang | 0.1.0 | 69.54 | OK | |||
r-devel-linux-x86_64-fedora-gcc | 0.1.0 | 78.20 | OK | |||
r-devel-windows-x86_64 | 0.1.0 | 6.00 | 56.00 | 62.00 | OK | |
r-patched-linux-x86_64 | 0.1.0 | 4.34 | 38.13 | 42.47 | OK | |
r-release-linux-x86_64 | 0.1.0 | 3.72 | 37.18 | 40.90 | OK | |
r-release-macos-arm64 | 0.1.0 | 39.00 | OK | |||
r-release-macos-x86_64 | 0.1.0 | 53.00 | OK | |||
r-release-windows-x86_64 | 0.1.0 | 6.00 | 64.00 | 70.00 | OK | |
r-oldrel-macos-arm64 | 0.1.0 | 29.00 | NOTE | |||
r-oldrel-macos-x86_64 | 0.1.0 | 43.00 | NOTE | |||
r-oldrel-windows-x86_64 | 0.1.0 | 8.00 | 67.00 | 75.00 | NOTE |
Version: 0.1.0
Check: LazyData
Result: NOTE
'LazyData' is specified without a 'data' directory
Flavors: r-oldrel-macos-arm64, r-oldrel-macos-x86_64, r-oldrel-windows-x86_64