Last updated on 2025-11-04 05:51:10 CET.
| Flavor | Version | Tinstall | Tcheck | Ttotal | Status | Flags | 
|---|---|---|---|---|---|---|
| r-devel-linux-x86_64-debian-clang | 0.0.4.5 | 10.63 | 102.46 | 113.09 | NOTE | |
| r-devel-linux-x86_64-debian-gcc | 0.0.4.5 | 7.44 | 75.07 | 82.51 | NOTE | |
| r-devel-linux-x86_64-fedora-clang | 0.0.4.5 | 29.00 | 145.00 | 174.00 | OK | |
| r-devel-linux-x86_64-fedora-gcc | 0.0.4.5 | 22.00 | 137.58 | 159.58 | OK | |
| r-devel-windows-x86_64 | 0.0.4.5 | 15.00 | 104.00 | 119.00 | OK | |
| r-patched-linux-x86_64 | 0.0.4.5 | 9.12 | 95.13 | 104.25 | OK | |
| r-release-linux-x86_64 | 0.0.4.5 | 10.05 | 94.65 | 104.70 | OK | |
| r-release-macos-arm64 | 0.0.4.5 | 6.00 | 36.00 | 42.00 | OK | |
| r-release-macos-x86_64 | 0.0.4.5 | 10.00 | 65.00 | 75.00 | OK | |
| r-release-windows-x86_64 | 0.0.4.5 | 15.00 | 103.00 | 118.00 | OK | |
| r-oldrel-macos-arm64 | 0.0.4.5 | 4.00 | 34.00 | 38.00 | OK | |
| r-oldrel-macos-x86_64 | 0.0.4.5 | 7.00 | 53.00 | 60.00 | OK | |
| r-oldrel-windows-x86_64 | 0.0.4.5 | 17.00 | 130.00 | 147.00 | OK | 
Version: 0.0.4.5
Check: CRAN incoming feasibility
Result: NOTE
  Maintainer: ‘Martin Ondrus <mondrus@ualberta.ca>’
  
  The Description field contains
    (2021) <arXiv:2103.06347>. For a more detailed explanation and applied
  Please refer to arXiv e-prints via their arXiv DOI <doi:10.48550/arXiv.YYMM.NNNNN>.
Flavors: r-devel-linux-x86_64-debian-clang, r-devel-linux-x86_64-debian-gcc