Last updated on 2025-11-04 05:51:10 CET.
| Flavor | Version | Tinstall | Tcheck | Ttotal | Status | Flags | 
|---|---|---|---|---|---|---|
| r-devel-linux-x86_64-debian-clang | 3042.78 | 4.90 | 42.68 | 47.58 | NOTE | |
| r-devel-linux-x86_64-debian-gcc | 3042.78 | 3.54 | 30.78 | 34.32 | NOTE | |
| r-devel-linux-x86_64-fedora-clang | 3042.78 | 72.67 | OK | |||
| r-devel-linux-x86_64-fedora-gcc | 3042.78 | 10.00 | 59.42 | 69.42 | OK | |
| r-devel-windows-x86_64 | 3042.78 | 5.00 | 53.00 | 58.00 | OK | |
| r-patched-linux-x86_64 | 3042.78 | 4.32 | 41.07 | 45.39 | OK | |
| r-release-linux-x86_64 | 3042.78 | 4.78 | 41.19 | 45.97 | OK | |
| r-release-macos-arm64 | 3042.78 | 2.00 | 23.00 | 25.00 | OK | |
| r-release-macos-x86_64 | 3042.78 | 4.00 | 47.00 | 51.00 | OK | |
| r-release-windows-x86_64 | 3042.78 | 5.00 | 54.00 | 59.00 | OK | |
| r-oldrel-macos-arm64 | 3042.78 | 2.00 | 22.00 | 24.00 | NOTE | |
| r-oldrel-macos-x86_64 | 3042.78 | 4.00 | 37.00 | 41.00 | NOTE | |
| r-oldrel-windows-x86_64 | 3042.78 | 6.00 | 66.00 | 72.00 | NOTE | 
Version: 3042.78
Check: CRAN incoming feasibility
Result: NOTE
  Maintainer: ‘Tobias Setz <tobias.setz@live.com>’
  
  No Authors@R field in DESCRIPTION.
  Please add one, modifying
    Authors@R: c(person(given = "Diethelm",
                        family = "Wuertz",
                        role = "aut"),
                 person(given = "Tobias",
                        family = "Setz",
                        role = "cre",
                        email = "tobias.setz@live.com"))
  as necessary.
Flavors: r-devel-linux-x86_64-debian-clang, r-devel-linux-x86_64-debian-gcc
Version: 3042.78
Check: LazyData
Result: NOTE
    'LazyData' is specified without a 'data' directory
Flavors: r-oldrel-macos-arm64, r-oldrel-macos-x86_64, r-oldrel-windows-x86_64