Last updated on 2025-11-04 11:52:30 CET.
| Flavor | Version | Tinstall | Tcheck | Ttotal | Status | Flags | 
|---|---|---|---|---|---|---|
| r-devel-linux-x86_64-debian-clang | 3.0.1 | 12.97 | 231.34 | 244.31 | OK | |
| r-devel-linux-x86_64-debian-gcc | 3.0.1 | 8.07 | 167.40 | 175.47 | OK | |
| r-devel-linux-x86_64-fedora-clang | 3.0.1 | 100.00 | 286.25 | 386.25 | OK | |
| r-devel-linux-x86_64-fedora-gcc | 3.0.1 | 25.00 | 336.31 | 361.31 | OK | |
| r-devel-windows-x86_64 | 3.0.1 | 17.00 | 280.00 | 297.00 | OK | |
| r-patched-linux-x86_64 | 3.0.1 | 13.45 | 216.16 | 229.61 | OK | |
| r-release-linux-x86_64 | 3.0.1 | 9.76 | 216.76 | 226.52 | OK | |
| r-release-macos-arm64 | 3.0.1 | 6.00 | 147.00 | 153.00 | OK | |
| r-release-macos-x86_64 | 3.0.1 | 14.00 | 214.00 | 228.00 | OK | |
| r-release-windows-x86_64 | 3.0.1 | 17.00 | 277.00 | 294.00 | OK | |
| r-oldrel-macos-arm64 | 3.0.1 | 7.00 | 133.00 | 140.00 | NOTE | |
| r-oldrel-macos-x86_64 | 3.0.1 | 17.00 | 250.00 | 267.00 | NOTE | |
| r-oldrel-windows-x86_64 | 3.0.1 | 27.00 | 349.00 | 376.00 | ERROR | 
Version: 3.0.1
Check: installed package size
Result: NOTE
    installed size is  5.8Mb
    sub-directories of 1Mb or more:
      doc    2.8Mb
      help   1.1Mb
Flavors: r-oldrel-macos-arm64, r-oldrel-macos-x86_64, r-oldrel-windows-x86_64
Version: 3.0.1
Check: tests
Result: ERROR
    Running 'testthat.R' [122s]
  Running the tests in 'tests/testthat.R' failed.
  Complete output:
    > # This file is part of the standard setup for testthat.
    > # It is recommended that you do not modify it.
    > #
    > # Where should you do additional test configuration?
    > # Learn more about the roles of various files in:
    > # * https://r-pkgs.org/testing-design.html#sec-tests-files-overview
    > # * https://testthat.r-lib.org/articles/special-files.html
    > 
    > library(testthat)
    > library(eyeris)
    
    eyeris v3.0.1 - Lumpy Space Princess ꒰•ᴗ•。꒱۶
    Welcome! Type ?`eyeris` to get started.
    
    > 
    > test_check("eyeris")
    i [2025-11-01 08:53:47] [INFO] Created output directory:
    D:\temp\2025_11_01_01_50_01_15473\RtmpKoayGe/test_chunked_output
    v [2025-11-01 08:53:47] [OKAY] Connected to eyeris database:
    D:\temp\2025_11_01_01_50_01_15473\RtmpKoayGe/bids_test/derivatives/test-db.eyerisdb
    i [2025-11-01 08:53:47] [INFO] Exporting data types: confounds_summary
    i [2025-11-01 08:53:47] [INFO] Processing data type: confounds_summary
    i [2025-11-01 08:53:47] [INFO] Grouping tables by epoch label...
    i [2025-11-01 08:53:47] [INFO] Found 1 epoch label groups for
    confounds_summary: _nolabel
    i [2025-11-01 08:53:47] [INFO] Analyzing column structures within epoch group
    '_nolabel'...
    i [2025-11-01 08:53:47] [INFO] Found 2 column-compatible groups within
    '_nolabel': goal, stim
    i [2025-11-01 08:53:47] [INFO] Processing confounds_summary group 'goal' (2
    tables)
    i [2025-11-01 08:53:47] [INFO] Using chunked processing (file size limit = 50MB
    < 500MB threshold)
    i [2025-11-01 08:53:47] [INFO] Processing with file size chunking enabled
    i [2025-11-01 08:53:47] [INFO] Starting chunked query processing (chunk size:
    50)
    i [2025-11-01 08:53:47] [INFO] Query: SELECT * FROM
    "confounds_summary_01_task_run01_goal" UNION ALL SELECT * FROM
    "confounds_summary_02_task_run01_goal"
    i [2025-11-01 08:53:47] [INFO] Processing chunk 1: 50 rows
    i [2025-11-01 08:53:47] [INFO] Created output file:
    test-db_confounds_summary_goal_chunked_01.csv
    i [2025-11-01 08:53:47] [INFO] Processing chunk 2: 50 rows
    i [2025-11-01 08:53:47] [INFO] Processing chunk 3: 50 rows
    i [2025-11-01 08:53:47] [INFO] No more data to process
    v [2025-11-01 08:53:47] [OKAY] Chunked processing complete:
    i [2025-11-01 08:53:47] [INFO] Total rows: 150
    i [2025-11-01 08:53:47] [INFO] Chunks: 3
    i [2025-11-01 08:53:47] [INFO] Processing time: 0 seconds
    i [2025-11-01 08:53:47] [INFO] Average rate: 5004 rows/second
    i [2025-11-01 08:53:47] [INFO] Processing confounds_summary group 'stim' (1
    tables)
    i [2025-11-01 08:53:47] [INFO] Using chunked processing (file size limit = 50MB
    < 500MB threshold)
    i [2025-11-01 08:53:47] [INFO] Processing with file size chunking enabled
    i [2025-11-01 08:53:47] [INFO] Starting chunked query processing (chunk size:
    50)
    i [2025-11-01 08:53:47] [INFO] Query: SELECT * FROM
    "confounds_summary_01_task_run01_stim"
    i [2025-11-01 08:53:47] [INFO] Processing chunk 1: 50 rows
    i [2025-11-01 08:53:47] [INFO] Created output file:
    test-db_confounds_summary_stim_chunked_01.csv
    i [2025-11-01 08:53:47] [INFO] Processing chunk 2: 50 rows
    i [2025-11-01 08:53:47] [INFO] No more data to process
    v [2025-11-01 08:53:47] [OKAY] Chunked processing complete:
    i [2025-11-01 08:53:47] [INFO] Total rows: 100
    i [2025-11-01 08:53:47] [INFO] Chunks: 2
    i [2025-11-01 08:53:47] [INFO] Processing time: 0 seconds
    i [2025-11-01 08:53:47] [INFO] Average rate: 4131 rows/second
    v [2025-11-01 08:53:47] [OKAY] Export complete!
    i [2025-11-01 08:53:47] [INFO] Data types exported: 2
    i [2025-11-01 08:53:47] [INFO] Total rows exported: 250
    i [2025-11-01 08:53:47] [INFO] Output directory:
    D:\temp\2025_11_01_01_50_01_15473\RtmpKoayGe/test_chunked_output
    i [2025-11-01 08:53:47] [INFO] Disconnected from eyeris database
    i [2025-11-01 08:53:48] [INFO] Created output directory:
    D:\temp\2025_11_01_01_50_01_15473\RtmpKoayGe/size_test_output
    v [2025-11-01 08:53:48] [OKAY] Connected to eyeris database:
    D:\temp\2025_11_01_01_50_01_15473\RtmpKoayGe/bids_size_test/derivatives/size-test.eyerisdb
    i [2025-11-01 08:53:48] [INFO] Exporting data types: timeseries
    i [2025-11-01 08:53:48] [INFO] Processing data type: timeseries
    i [2025-11-01 08:53:48] [INFO] Processing timeseries group 'all' (1 tables)
    i [2025-11-01 08:53:48] [INFO] Using chunked processing (file size limit =
    0.05MB < 500MB threshold)
    i [2025-11-01 08:53:48] [INFO] Processing with file size chunking enabled
    i [2025-11-01 08:53:48] [INFO] Starting chunked query processing (chunk size:
    500)
    i [2025-11-01 08:53:48] [INFO] Query: SELECT * FROM "timeseries_01_test_run01"
    i [2025-11-01 08:53:48] [INFO] Processing chunk 1: 500 rows
    i [2025-11-01 08:53:48] [INFO] Created output file:
    size-test_timeseries_chunked_01.csv
    i [2025-11-01 08:53:48] [INFO] Processing chunk 2: 500 rows
    i [2025-11-01 08:53:48] [INFO] Starting new file due to size limit:
    size-test_timeseries_chunked_02.csv
    i [2025-11-01 08:53:48] [INFO] Created output file:
    size-test_timeseries_chunked_02.csv
    i [2025-11-01 08:53:48] [INFO] Processing chunk 3: 500 rows
    i [2025-11-01 08:53:48] [INFO] Starting new file due to size limit:
    size-test_timeseries_chunked_03.csv
    i [2025-11-01 08:53:48] [INFO] Created output file:
    size-test_timeseries_chunked_03.csv
    i [2025-11-01 08:53:48] [INFO] Processing chunk 4: 500 rows
    i [2025-11-01 08:53:48] [INFO] Starting new file due to size limit:
    size-test_timeseries_chunked_04.csv
    i [2025-11-01 08:53:48] [INFO] Created output file:
    size-test_timeseries_chunked_04.csv
    i [2025-11-01 08:53:48] [INFO] No more data to process
    v [2025-11-01 08:53:48] [OKAY] Chunked processing complete:
    i [2025-11-01 08:53:48] [INFO] Total rows: 2000
    i [2025-11-01 08:53:48] [INFO] Chunks: 4
    i [2025-11-01 08:53:48] [INFO] Processing time: 0.2 seconds
    i [2025-11-01 08:53:48] [INFO] Average rate: 13139 rows/second
    i [2025-11-01 08:53:48] [INFO] Finalizing 4 output files with proper
    numbering...
    i [2025-11-01 08:53:48] [INFO] Renamed: size-test_timeseries_chunked_01.csv ->
    size-test_timeseries_chunked_01-of-04.csv
    i [2025-11-01 08:53:48] [INFO] Renamed: size-test_timeseries_chunked_02.csv ->
    size-test_timeseries_chunked_02-of-04.csv
    i [2025-11-01 08:53:48] [INFO] Renamed: size-test_timeseries_chunked_03.csv ->
    size-test_timeseries_chunked_03-of-04.csv
    i [2025-11-01 08:53:48] [INFO] Renamed: size-test_timeseries_chunked_04.csv ->
    size-test_timeseries_chunked_04-of-04.csv
    v [2025-11-01 08:53:48] [OKAY] Export complete!
    i [2025-11-01 08:53:48] [INFO] Data types exported: 1
    i [2025-11-01 08:53:48] [INFO] Total rows exported: 2000
    i [2025-11-01 08:53:48] [INFO] Output directory:
    D:\temp\2025_11_01_01_50_01_15473\RtmpKoayGe/size_test_output
    i [2025-11-01 08:53:48] [INFO] Disconnected from eyeris database
    v [2025-11-01 08:53:50] [OKAY] Connected to eyeris database:
    D:\temp\2025_11_01_01_50_01_15473\RtmpKoayGe/test_bids/derivatives/user-test.eyerisdb
    i [2025-11-01 08:53:50] [INFO] Executing query: SELECT * FROM (SELECT * FROM
    "epochs_002_02_memory_run01") as combined_data WHERE 1=1 AND subject_id = '002'
    i [2025-11-01 08:53:50] [INFO] Executing query: SELECT * FROM (SELECT * FROM
    "epochs_002_02_memory_run01") as combined_data WHERE 1=1 AND subject_id = '002'
    AND session_id = '02' AND task_name = 'memory'
    i [2025-11-01 08:53:50] [INFO] Disconnected from eyeris database
    i [2025-11-01 08:53:52] [INFO] Executing query: SELECT * FROM (SELECT * FROM
    "epoch_timeseries_005_01_epochtest_run01_prepostprobe") as combined_data WHERE
    1=1 AND subject_id = '005'
    v [2025-11-01 08:53:54] [OKAY] Running eyeris::load_asc()
    i [2025-11-01 08:53:54] [INFO] Processing block: block_1
    v [2025-11-01 08:53:54] [OKAY] Running eyeris::deblink() for block_1
    v [2025-11-01 08:53:54] [OKAY] Running eyeris::detransient() for block_1
    v [2025-11-01 08:53:54] [OKAY] Running eyeris::interpolate() for block_1
    v [2025-11-01 08:53:54] [OKAY] Running eyeris::lpfilt() for block_1
    ! [2025-11-01 08:53:55] [WARN] Skipping eyeris::downsample() for block_1
    ! [2025-11-01 08:53:55] [WARN] Skipping eyeris::bin() for block_1
    ! [2025-11-01 08:53:55] [WARN] Skipping eyeris::detrend() for block_1
    v [2025-11-01 08:53:55] [OKAY] Running eyeris::zscore() for block_1
    i [2025-11-01 08:53:55] [INFO] Block processing summary:
    i [2025-11-01 08:53:55] [INFO] block_1: OK (steps: 6, latest:
    pupil_raw_deblink_detransient_interpolate_lpfilt_z)
    v [2025-11-01 08:53:55] [OKAY] Running eyeris::summarize_confounds()
    i [2025-11-01 08:53:57] [INFO] Plotting block 1 with sampling rate 1000 Hz from
    possible blocks: 1
    i [2025-11-01 08:53:58] [INFO] Plotting block 1 with sampling rate 1000 Hz from
    possible blocks: 1
    i [2025-11-01 08:53:59] [INFO] Plotting block 1 with sampling rate 1000 Hz from
    possible blocks: 1
    i [2025-11-01 08:54:00] [INFO] Plotting block 1 with sampling rate 1000 Hz from
    possible blocks: 1
    i [2025-11-01 08:54:01] [INFO] Plotting block 1 with sampling rate 1000 Hz from
    possible blocks: 1
    i [2025-11-01 08:54:02] [INFO] Plotting block 1 with sampling rate 1000 Hz from
    possible blocks: 1
    i [2025-11-01 08:54:03] [INFO] Plotting block 1 with sampling rate 1000 Hz from
    possible blocks: 1
    i [2025-11-01 08:54:04] [INFO] Plotting block 1 with sampling rate 1000 Hz from
    possible blocks: 1
    i [2025-11-01 08:54:05] [INFO] Plotting block 1 with sampling rate 1000 Hz from
    possible blocks: 1
    i [2025-11-01 08:54:06] [INFO] Plotting block 1 with sampling rate 1000 Hz from
    possible blocks: 1
    i [2025-11-01 08:54:07] [INFO] Plotting block 1 with sampling rate 1000 Hz from
    possible blocks: 1
    i [2025-11-01 08:54:07] [INFO] Plotting block 1 with sampling rate 1000 Hz from
    possible blocks: 1
    i [2025-11-01 08:54:08] [INFO] Plotting block 1 with sampling rate 1000 Hz from
    possible blocks: 1
    i [2025-11-01 08:54:09] [INFO] Plotting block 1 with sampling rate 1000 Hz from
    possible blocks: 1
    i [2025-11-01 08:54:10] [INFO] Plotting block 1 with sampling rate 1000 Hz from
    possible blocks: 1
    i [2025-11-01 08:54:11] [INFO] Plotting block 1 with sampling rate 1000 Hz from
    possible blocks: 1
    i [2025-11-01 08:54:12] [INFO] Plotting block 1 with sampling rate 1000 Hz from
    possible blocks: 1
    i [2025-11-01 08:54:12] [INFO] Plotting block 1 with sampling rate 1000 Hz from
    possible blocks: 1
    ! [2025-11-01 08:54:19] [WARN] No detrend data found for run-01
    
    
    processing file: sub-001.Rmd
    output file: sub-001.knit.md
    
    "C:/PROGRA~1/Pandoc/pandoc" +RTS -K512m -RTS sub-001.knit.md --to html4 --from markdown+autolink_bare_uris+tex_math_single_backslash --output sub-001.html --lua-filter "D:\RCompile\CRANpkg\lib\4.4\rmarkdown\rmarkdown\lua\pagebreak.lua" --lua-filter "D:\RCompile\CRANpkg\lib\4.4\rmarkdown\rmarkdown\lua\latex-div.lua" --self-contained --variable bs3=TRUE --section-divs --table-of-contents --toc-depth 6 --variable toc_float=1 --variable toc_selectors=h1,h2,h3,h4,h5,h6 --variable toc_collapsed=1 --variable toc_smooth_scroll=1 --variable toc_print=1 --template "D:\RCompile\CRANpkg\lib\4.4\rmarkdown\rmd\h\default.html" --no-highlight --variable highlightjs=1 --variable theme=bootstrap --css "D:/RCompile/CRANpkg/lib/4.4/eyeris/rmarkdown/css/report.css" --mathjax --variable "mathjax-url=https://mathjax.rstudio.com/latest/MathJax.js?config=TeX-AMS-MML_HTMLorMML" --include-in-header "D:\temp\2025_11_01_01_50_01_15473\RtmpKoayGe\rmarkdown-str2e88796c2c49.html" 
    File  not found in resource path
    v [2025-11-01 08:54:20] [OKAY] Running eyeris::load_asc()
    i [2025-11-01 08:54:21] [INFO] Processing block: block_1
    v [2025-11-01 08:54:21] [OKAY] Running eyeris::deblink() for block_1
    v [2025-11-01 08:54:21] [OKAY] Running eyeris::detransient() for block_1
    v [2025-11-01 08:54:21] [OKAY] Running eyeris::interpolate() for block_1
    v [2025-11-01 08:54:21] [OKAY] Running eyeris::lpfilt() for block_1
    ! [2025-11-01 08:54:21] [WARN] Skipping eyeris::downsample() for block_1
    ! [2025-11-01 08:54:21] [WARN] Skipping eyeris::bin() for block_1
    ! [2025-11-01 08:54:21] [WARN] Skipping eyeris::detrend() for block_1
    v [2025-11-01 08:54:21] [OKAY] Running eyeris::zscore() for block_1
    i [2025-11-01 08:54:21] [INFO] Block processing summary:
    i [2025-11-01 08:54:21] [INFO] block_1: OK (steps: 6, latest:
    pupil_raw_deblink_detransient_interpolate_lpfilt_z)
    v [2025-11-01 08:54:21] [OKAY] Running eyeris::summarize_confounds()
    i [2025-11-01 08:54:24] [INFO] Plotting block 1 with sampling rate 1000 Hz from
    possible blocks: 1
    i [2025-11-01 08:54:25] [INFO] Plotting block 1 with sampling rate 1000 Hz from
    possible blocks: 1
    i [2025-11-01 08:54:26] [INFO] Plotting block 1 with sampling rate 1000 Hz from
    possible blocks: 1
    i [2025-11-01 08:54:27] [INFO] Plotting block 1 with sampling rate 1000 Hz from
    possible blocks: 1
    i [2025-11-01 08:54:28] [INFO] Plotting block 1 with sampling rate 1000 Hz from
    possible blocks: 1
    i [2025-11-01 08:54:29] [INFO] Plotting block 1 with sampling rate 1000 Hz from
    possible blocks: 1
    i [2025-11-01 08:54:30] [INFO] Plotting block 1 with sampling rate 1000 Hz from
    possible blocks: 1
    i [2025-11-01 08:54:31] [INFO] Plotting block 1 with sampling rate 1000 Hz from
    possible blocks: 1
    i [2025-11-01 08:54:32] [INFO] Plotting block 1 with sampling rate 1000 Hz from
    possible blocks: 1
    i [2025-11-01 08:54:32] [INFO] Plotting block 1 with sampling rate 1000 Hz from
    possible blocks: 1
    i [2025-11-01 08:54:33] [INFO] Plotting block 1 with sampling rate 1000 Hz from
    possible blocks: 1
    i [2025-11-01 08:54:34] [INFO] Plotting block 1 with sampling rate 1000 Hz from
    possible blocks: 1
    i [2025-11-01 08:54:35] [INFO] Plotting block 1 with sampling rate 1000 Hz from
    possible blocks: 1
    i [2025-11-01 08:54:36] [INFO] Plotting block 1 with sampling rate 1000 Hz from
    possible blocks: 1
    i [2025-11-01 08:54:37] [INFO] Plotting block 1 with sampling rate 1000 Hz from
    possible blocks: 1
    i [2025-11-01 08:54:38] [INFO] Plotting block 1 with sampling rate 1000 Hz from
    possible blocks: 1
    i [2025-11-01 08:54:38] [INFO] Plotting block 1 with sampling rate 1000 Hz from
    possible blocks: 1
    i [2025-11-01 08:54:39] [INFO] Plotting block 1 with sampling rate 1000 Hz from
    possible blocks: 1
    ! [2025-11-01 08:54:44] [WARN] No detrend data found for run-01
    
    
    processing file: sub-002.Rmd
    output file: sub-002.knit.md
    
    "C:/PROGRA~1/Pandoc/pandoc" +RTS -K512m -RTS sub-002.knit.md --to html4 --from markdown+autolink_bare_uris+tex_math_single_backslash --output sub-002.html --lua-filter "D:\RCompile\CRANpkg\lib\4.4\rmarkdown\rmarkdown\lua\pagebreak.lua" --lua-filter "D:\RCompile\CRANpkg\lib\4.4\rmarkdown\rmarkdown\lua\latex-div.lua" --self-contained --variable bs3=TRUE --section-divs --table-of-contents --toc-depth 6 --variable toc_float=1 --variable toc_selectors=h1,h2,h3,h4,h5,h6 --variable toc_collapsed=1 --variable toc_smooth_scroll=1 --variable toc_print=1 --template "D:\RCompile\CRANpkg\lib\4.4\rmarkdown\rmd\h\default.html" --no-highlight --variable highlightjs=1 --variable theme=bootstrap --css "D:/RCompile/CRANpkg/lib/4.4/eyeris/rmarkdown/css/report.css" --mathjax --variable "mathjax-url=https://mathjax.rstudio.com/latest/MathJax.js?config=TeX-AMS-MML_HTMLorMML" --include-in-header "D:\temp\2025_11_01_01_50_01_15473\RtmpKoayGe\rmarkdown-str2e88333a1742.html" 
    File  not found in resource path
    v [2025-11-01 08:54:44] [OKAY] Running eyeris::load_asc()
    i [2025-11-01 08:54:45] [INFO] Processing block: block_1
    v [2025-11-01 08:54:45] [OKAY] Running eyeris::deblink() for block_1
    v [2025-11-01 08:54:45] [OKAY] Running eyeris::detransient() for block_1
    v [2025-11-01 08:54:45] [OKAY] Running eyeris::interpolate() for block_1
    v [2025-11-01 08:54:45] [OKAY] Running eyeris::lpfilt() for block_1
    ! [2025-11-01 08:54:45] [WARN] Skipping eyeris::downsample() for block_1
    ! [2025-11-01 08:54:45] [WARN] Skipping eyeris::bin() for block_1
    ! [2025-11-01 08:54:45] [WARN] Skipping eyeris::detrend() for block_1
    v [2025-11-01 08:54:45] [OKAY] Running eyeris::zscore() for block_1
    i [2025-11-01 08:54:45] [INFO] Block processing summary:
    i [2025-11-01 08:54:45] [INFO] block_1: OK (steps: 6, latest:
    pupil_raw_deblink_detransient_interpolate_lpfilt_z)
    v [2025-11-01 08:54:45] [OKAY] Running eyeris::summarize_confounds()
    i [2025-11-01 08:54:48] [INFO] Plotting block 1 with sampling rate 1000 Hz from
    possible blocks: 1
    i [2025-11-01 08:54:49] [INFO] Plotting block 1 with sampling rate 1000 Hz from
    possible blocks: 1
    i [2025-11-01 08:54:50] [INFO] Plotting block 1 with sampling rate 1000 Hz from
    possible blocks: 1
    i [2025-11-01 08:54:51] [INFO] Plotting block 1 with sampling rate 1000 Hz from
    possible blocks: 1
    i [2025-11-01 08:54:52] [INFO] Plotting block 1 with sampling rate 1000 Hz from
    possible blocks: 1
    i [2025-11-01 08:54:53] [INFO] Plotting block 1 with sampling rate 1000 Hz from
    possible blocks: 1
    i [2025-11-01 08:54:54] [INFO] Plotting block 1 with sampling rate 1000 Hz from
    possible blocks: 1
    i [2025-11-01 08:54:55] [INFO] Plotting block 1 with sampling rate 1000 Hz from
    possible blocks: 1
    i [2025-11-01 08:54:56] [INFO] Plotting block 1 with sampling rate 1000 Hz from
    possible blocks: 1
    i [2025-11-01 08:54:57] [INFO] Plotting block 1 with sampling rate 1000 Hz from
    possible blocks: 1
    i [2025-11-01 08:54:58] [INFO] Plotting block 1 with sampling rate 1000 Hz from
    possible blocks: 1
    i [2025-11-01 08:54:58] [INFO] Plotting block 1 with sampling rate 1000 Hz from
    possible blocks: 1
    i [2025-11-01 08:54:59] [INFO] Plotting block 1 with sampling rate 1000 Hz from
    possible blocks: 1
    i [2025-11-01 08:55:00] [INFO] Plotting block 1 with sampling rate 1000 Hz from
    possible blocks: 1
    i [2025-11-01 08:55:01] [INFO] Plotting block 1 with sampling rate 1000 Hz from
    possible blocks: 1
    i [2025-11-01 08:55:02] [INFO] Plotting block 1 with sampling rate 1000 Hz from
    possible blocks: 1
    i [2025-11-01 08:55:03] [INFO] Plotting block 1 with sampling rate 1000 Hz from
    possible blocks: 1
    i [2025-11-01 08:55:03] [INFO] Plotting block 1 with sampling rate 1000 Hz from
    possible blocks: 1
    ! [2025-11-01 08:55:08] [WARN] No detrend data found for run-01
    
    
    processing file: sub-003.Rmd
    output file: sub-003.knit.md
    
    "C:/PROGRA~1/Pandoc/pandoc" +RTS -K512m -RTS sub-003.knit.md --to html4 --from markdown+autolink_bare_uris+tex_math_single_backslash --output sub-003.html --lua-filter "D:\RCompile\CRANpkg\lib\4.4\rmarkdown\rmarkdown\lua\pagebreak.lua" --lua-filter "D:\RCompile\CRANpkg\lib\4.4\rmarkdown\rmarkdown\lua\latex-div.lua" --self-contained --variable bs3=TRUE --section-divs --table-of-contents --toc-depth 6 --variable toc_float=1 --variable toc_selectors=h1,h2,h3,h4,h5,h6 --variable toc_collapsed=1 --variable toc_smooth_scroll=1 --variable toc_print=1 --template "D:\RCompile\CRANpkg\lib\4.4\rmarkdown\rmd\h\default.html" --no-highlight --variable highlightjs=1 --variable theme=bootstrap --css "D:/RCompile/CRANpkg/lib/4.4/eyeris/rmarkdown/css/report.css" --mathjax --variable "mathjax-url=https://mathjax.rstudio.com/latest/MathJax.js?config=TeX-AMS-MML_HTMLorMML" --include-in-header "D:\temp\2025_11_01_01_50_01_15473\RtmpKoayGe\rmarkdown-str2e886598246a.html" 
    File  not found in resource path
    v [2025-11-01 08:55:09] [OKAY] Running eyeris::load_asc()
    i [2025-11-01 08:55:09] [INFO] Processing block: block_1
    v [2025-11-01 08:55:09] [OKAY] Running eyeris::deblink() for block_1
    v [2025-11-01 08:55:09] [OKAY] Running eyeris::detransient() for block_1
    v [2025-11-01 08:55:09] [OKAY] Running eyeris::interpolate() for block_1
    v [2025-11-01 08:55:09] [OKAY] Running eyeris::lpfilt() for block_1
    ! [2025-11-01 08:55:10] [WARN] Skipping eyeris::downsample() for block_1
    ! [2025-11-01 08:55:10] [WARN] Skipping eyeris::bin() for block_1
    ! [2025-11-01 08:55:10] [WARN] Skipping eyeris::detrend() for block_1
    v [2025-11-01 08:55:10] [OKAY] Running eyeris::zscore() for block_1
    i [2025-11-01 08:55:10] [INFO] Block processing summary:
    i [2025-11-01 08:55:10] [INFO] block_1: OK (steps: 6, latest:
    pupil_raw_deblink_detransient_interpolate_lpfilt_z)
    v [2025-11-01 08:55:10] [OKAY] Running eyeris::summarize_confounds()
    i [2025-11-01 08:55:12] [INFO] Plotting block 1 with sampling rate 1000 Hz from
    possible blocks: 1
    i [2025-11-01 08:55:13] [INFO] Plotting block 1 with sampling rate 1000 Hz from
    possible blocks: 1
    i [2025-11-01 08:55:14] [INFO] Plotting block 1 with sampling rate 1000 Hz from
    possible blocks: 1
    i [2025-11-01 08:55:15] [INFO] Plotting block 1 with sampling rate 1000 Hz from
    possible blocks: 1
    i [2025-11-01 08:55:16] [INFO] Plotting block 1 with sampling rate 1000 Hz from
    possible blocks: 1
    i [2025-11-01 08:55:17] [INFO] Plotting block 1 with sampling rate 1000 Hz from
    possible blocks: 1
    i [2025-11-01 08:55:18] [INFO] Plotting block 1 with sampling rate 1000 Hz from
    possible blocks: 1
    i [2025-11-01 08:55:19] [INFO] Plotting block 1 with sampling rate 1000 Hz from
    possible blocks: 1
    i [2025-11-01 08:55:20] [INFO] Plotting block 1 with sampling rate 1000 Hz from
    possible blocks: 1
    i [2025-11-01 08:55:21] [INFO] Plotting block 1 with sampling rate 1000 Hz from
    possible blocks: 1
    i [2025-11-01 08:55:22] [INFO] Plotting block 1 with sampling rate 1000 Hz from
    possible blocks: 1
    i [2025-11-01 08:55:23] [INFO] Plotting block 1 with sampling rate 1000 Hz from
    possible blocks: 1
    i [2025-11-01 08:55:23] [INFO] Plotting block 1 with sampling rate 1000 Hz from
    possible blocks: 1
    i [2025-11-01 08:55:24] [INFO] Plotting block 1 with sampling rate 1000 Hz from
    possible blocks: 1
    i [2025-11-01 08:55:25] [INFO] Plotting block 1 with sampling rate 1000 Hz from
    possible blocks: 1
    i [2025-11-01 08:55:26] [INFO] Plotting block 1 with sampling rate 1000 Hz from
    possible blocks: 1
    i [2025-11-01 08:55:27] [INFO] Plotting block 1 with sampling rate 1000 Hz from
    possible blocks: 1
    i [2025-11-01 08:55:28] [INFO] Plotting block 1 with sampling rate 1000 Hz from
    possible blocks: 1
    ! [2025-11-01 08:55:33] [WARN] No detrend data found for run-01
    
    
    processing file: sub-004.Rmd
    output file: sub-004.knit.md
    
    "C:/PROGRA~1/Pandoc/pandoc" +RTS -K512m -RTS sub-004.knit.md --to html4 --from markdown+autolink_bare_uris+tex_math_single_backslash --output sub-004.html --lua-filter "D:\RCompile\CRANpkg\lib\4.4\rmarkdown\rmarkdown\lua\pagebreak.lua" --lua-filter "D:\RCompile\CRANpkg\lib\4.4\rmarkdown\rmarkdown\lua\latex-div.lua" --self-contained --variable bs3=TRUE --section-divs --table-of-contents --toc-depth 6 --variable toc_float=1 --variable toc_selectors=h1,h2,h3,h4,h5,h6 --variable toc_collapsed=1 --variable toc_smooth_scroll=1 --variable toc_print=1 --template "D:\RCompile\CRANpkg\lib\4.4\rmarkdown\rmd\h\default.html" --no-highlight --variable highlightjs=1 --variable theme=bootstrap --css "D:/RCompile/CRANpkg/lib/4.4/eyeris/rmarkdown/css/report.css" --mathjax --variable "mathjax-url=https://mathjax.rstudio.com/latest/MathJax.js?config=TeX-AMS-MML_HTMLorMML" --include-in-header "D:\temp\2025_11_01_01_50_01_15473\RtmpKoayGe\rmarkdown-str2e881d804e5f.html" 
    File  not found in resource path
    i [2025-11-01 08:55:35] [INFO] Disconnected from eyeris database
    v [2025-11-01 08:55:35] [OKAY] Connected to eyeris database:
    D:\temp\2025_11_01_01_50_01_15473\RtmpKoayGe/test_bids/derivatives/test-study.eyerisdb
    i [2025-11-01 08:55:36] [INFO] Disconnected from eyeris database
    i [2025-11-01 08:55:36] [INFO] Disconnected from eyeris database
    v [2025-11-01 08:55:36] [OKAY] Connected to eyeris database:
    D:\temp\2025_11_01_01_50_01_15473\RtmpKoayGe/test_bids_read/derivatives/read-test.eyerisdb
    i [2025-11-01 08:55:36] [INFO] Disconnected from eyeris database
    i [2025-11-01 08:55:37] [INFO] Disconnected from eyeris database
    v [2025-11-01 08:55:37] [OKAY] Connected to eyeris database:
    D:\temp\2025_11_01_01_50_01_15473\RtmpKoayGe/test_bids_size/derivatives/size-test.eyerisdb
    i [2025-11-01 08:55:37] [INFO] Disconnected from eyeris database
    i [2025-11-01 08:55:38] [INFO] Disconnected from eyeris database
    v [2025-11-01 08:55:38] [OKAY] Connected to eyeris database:
    D:\temp\2025_11_01_01_50_01_15473\RtmpKoayGe/test_bids_empty/derivatives/empty-test.eyerisdb
    ! [2025-11-01 08:55:38] [WARN] No valid tables found in database (after
    excluding temp tables)
    i [2025-11-01 08:55:38] [INFO] Disconnected from eyeris database
    v [2025-11-01 08:55:38] [OKAY] Running eyeris::load_asc()
    i [2025-11-01 08:55:38] [INFO] Processing block: block_1
    v [2025-11-01 08:55:38] [OKAY] Running eyeris::deblink() for block_1
    v [2025-11-01 08:55:38] [OKAY] Running eyeris::detransient() for block_1
    v [2025-11-01 08:55:39] [OKAY] Running eyeris::interpolate() for block_1
    v [2025-11-01 08:55:39] [OKAY] Running eyeris::lpfilt() for block_1
    ! [2025-11-01 08:55:39] [WARN] Skipping eyeris::downsample() for block_1
    ! [2025-11-01 08:55:39] [WARN] Skipping eyeris::bin() for block_1
    ! [2025-11-01 08:55:39] [WARN] Skipping eyeris::detrend() for block_1
    v [2025-11-01 08:55:39] [OKAY] Running eyeris::zscore() for block_1
    i [2025-11-01 08:55:39] [INFO] Block processing summary:
    i [2025-11-01 08:55:39] [INFO] block_1: OK (steps: 6, latest:
    pupil_raw_deblink_detransient_interpolate_lpfilt_z)
    v [2025-11-01 08:55:39] [OKAY] Running eyeris::summarize_confounds()
    v [2025-11-01 08:55:39] [OKAY] Running eyeris::load_asc()
    i [2025-11-01 08:55:40] [INFO] Binocular data detected. Processing average
    mode.
    i [2025-11-01 08:55:40] [INFO] Processing block: block_1
    v [2025-11-01 08:55:40] [OKAY] Running eyeris::deblink() for block_1
    v [2025-11-01 08:55:40] [OKAY] Running eyeris::detransient() for block_1
    v [2025-11-01 08:55:40] [OKAY] Running eyeris::interpolate() for block_1
    ! [2025-11-01 08:55:40] [WARN] No NAs detected in pupil data... Skipping
    interpolation!
    v [2025-11-01 08:55:40] [OKAY] Running eyeris::lpfilt() for block_1
    ! [2025-11-01 08:55:40] [WARN] Skipping eyeris::downsample() for block_1
    ! [2025-11-01 08:55:40] [WARN] Skipping eyeris::bin() for block_1
    ! [2025-11-01 08:55:40] [WARN] Skipping eyeris::detrend() for block_1
    v [2025-11-01 08:55:40] [OKAY] Running eyeris::zscore() for block_1
    i [2025-11-01 08:55:40] [INFO] Block processing summary:
    i [2025-11-01 08:55:40] [INFO] block_1: OK (steps: 6, latest:
    pupil_raw_deblink_detransient_interpolate_lpfilt_z)
    v [2025-11-01 08:55:40] [OKAY] Running eyeris::summarize_confounds()
    [ FAIL 4 | WARN 0 | SKIP 0 | PASS 188 ]
    
    ══ Failed tests ════════════════════════════════════════════════════════════════
    ── Failure ('test-parallel-database.R:10:7'): manual parallel processing flag enables temporary databases ──
    Expected `{ ... }` to run without any errors.
    i Actually got a <simpleError> with text:
      pandoc document conversion failed with error 99
    Backtrace:
        ▆
     1. ├─withr::with_envvar(...) at test-parallel-database.R:4:3
     2. │ └─base::force(code)
     3. └─testthat::expect_no_error(...) at test-parallel-database.R:9:5
    ── Failure ('test-parallel-database.R:32:7'): SLURM environment variables are detected for parallel processing ──
    Expected `{ ... }` to run without any errors.
    i Actually got a <simpleError> with text:
      pandoc document conversion failed with error 99
    Backtrace:
        ▆
     1. ├─withr::with_envvar(...) at test-parallel-database.R:28:3
     2. │ └─base::force(code)
     3. └─testthat::expect_no_error(...) at test-parallel-database.R:31:5
    ── Failure ('test-parallel-database.R:52:7'): PBS environment variables are detected for parallel processing ──
    Expected `{ ... }` to run without any errors.
    i Actually got a <simpleError> with text:
      pandoc document conversion failed with error 99
    Backtrace:
        ▆
     1. ├─withr::with_envvar(...) at test-parallel-database.R:48:3
     2. │ └─base::force(code)
     3. └─testthat::expect_no_error(...) at test-parallel-database.R:51:5
    ── Failure ('test-parallel-database.R:71:5'): normal database operation works without parallel processing ──
    Expected `{ ... }` to run without any errors.
    i Actually got a <simpleError> with text:
      pandoc document conversion failed with error 99
    
    [ FAIL 4 | WARN 0 | SKIP 0 | PASS 188 ]
    Error: Test failures
    Execution halted
Flavor: r-oldrel-windows-x86_64