Last updated on 2025-11-04 11:52:30 CET.
| Flavor | Version | Tinstall | Tcheck | Ttotal | Status | Flags | 
|---|---|---|---|---|---|---|
| r-devel-linux-x86_64-debian-clang | 0.2.1 | 5.48 | 71.61 | 77.09 | NOTE | |
| r-devel-linux-x86_64-debian-gcc | 0.2.1 | 3.21 | 54.70 | 57.91 | NOTE | |
| r-devel-linux-x86_64-fedora-clang | 0.2.1 | 13.00 | 102.91 | 115.91 | OK | |
| r-devel-linux-x86_64-fedora-gcc | 0.2.1 | 13.00 | 112.10 | 125.10 | OK | |
| r-devel-windows-x86_64 | 0.2.1 | 7.00 | 81.00 | 88.00 | OK | |
| r-patched-linux-x86_64 | 0.2.1 | 5.48 | 67.58 | 73.06 | OK | |
| r-release-linux-x86_64 | 0.2.1 | 5.56 | 67.75 | 73.31 | OK | |
| r-release-macos-arm64 | 0.2.1 | 2.00 | 37.00 | 39.00 | OK | |
| r-release-macos-x86_64 | 0.2.1 | 5.00 | 75.00 | 80.00 | OK | |
| r-release-windows-x86_64 | 0.2.1 | 8.00 | 79.00 | 87.00 | OK | |
| r-oldrel-macos-arm64 | 0.2.1 | 3.00 | 38.00 | 41.00 | OK | |
| r-oldrel-macos-x86_64 | 0.2.1 | 5.00 | 60.00 | 65.00 | OK | |
| r-oldrel-windows-x86_64 | 0.2.1 | 9.00 | 99.00 | 108.00 | OK | 
Version: 0.2.1
Check: CRAN incoming feasibility
Result: NOTE
  Maintainer: ‘Austin Hurst <ajhurst@uwaterloo.ca>’
  
  No Authors@R field in DESCRIPTION.
  Please add one, modifying
    Authors@R: c(person(given = "Simon",
                        family = "Barthelme",
                        role = "aut",
                        email = "simon.barthelme@gipsa-lab.fr"),
                 person(given = "Austin",
                        family = "Hurst",
                        role = "cre",
                        email = "ajhurst@uwaterloo.ca"))
  as necessary.
Flavors: r-devel-linux-x86_64-debian-clang, r-devel-linux-x86_64-debian-gcc