Last updated on 2025-11-04 11:52:30 CET.
| Flavor | Version | Tinstall | Tcheck | Ttotal | Status | Flags | 
|---|---|---|---|---|---|---|
| r-devel-linux-x86_64-debian-clang | 2.0.0 | 5.01 | 60.51 | 65.52 | NOTE | |
| r-devel-linux-x86_64-debian-gcc | 2.0.0 | 3.53 | 45.78 | 49.31 | NOTE | |
| r-devel-linux-x86_64-fedora-clang | 2.0.0 | 11.00 | 86.42 | 97.42 | NOTE | |
| r-devel-linux-x86_64-fedora-gcc | 2.0.0 | 10.00 | 89.73 | 99.73 | NOTE | |
| r-devel-windows-x86_64 | 2.0.0 | 8.00 | 79.00 | 87.00 | NOTE | |
| r-patched-linux-x86_64 | 2.0.0 | 5.32 | 58.76 | 64.08 | NOTE | |
| r-release-linux-x86_64 | 2.0.0 | 4.97 | 57.92 | 62.89 | NOTE | |
| r-release-macos-arm64 | 2.0.0 | 3.00 | 35.00 | 38.00 | NOTE | |
| r-release-macos-x86_64 | 2.0.0 | 5.00 | 61.00 | 66.00 | NOTE | |
| r-release-windows-x86_64 | 2.0.0 | 7.00 | 77.00 | 84.00 | NOTE | |
| r-oldrel-macos-arm64 | 2.0.0 | 2.00 | 30.00 | 32.00 | OK | |
| r-oldrel-macos-x86_64 | 2.0.0 | 4.00 | 48.00 | 52.00 | OK | |
| r-oldrel-windows-x86_64 | 2.0.0 | 9.00 | 105.00 | 114.00 | OK | 
Version: 2.0.0
Check: DESCRIPTION meta-information
Result: NOTE
    Missing dependency on R >= 4.1.0 because package code uses the pipe
    |> or function shorthand \(...) syntax added in R 4.1.0.
    File(s) using such syntax:
      ‘compute_fct_adjs.R’ ‘compute_fct_adjs.Rd’ ‘guess_measure_sets.R’
      ‘mutate_expecvar.R’ ‘mutate_expecvar.Rd’ ‘mutate_metrics.R’
      ‘mutate_metrics.Rd’ ‘summarise_measures.R’ ‘summarise_measures.Rd’
      ‘validators.R’
Flavors: r-devel-linux-x86_64-debian-clang, r-devel-linux-x86_64-debian-gcc, r-devel-linux-x86_64-fedora-clang, r-devel-linux-x86_64-fedora-gcc, r-devel-windows-x86_64, r-patched-linux-x86_64, r-release-linux-x86_64, r-release-macos-arm64, r-release-macos-x86_64, r-release-windows-x86_64