CRAN Package Check Results for Package exifr

Last updated on 2025-05-22 06:51:44 CEST.

Flavor Version Tinstall Tcheck Ttotal Status Flags
r-devel-linux-x86_64-debian-clang 0.3.2 2.52 53.84 56.36 OK
r-devel-linux-x86_64-debian-gcc 0.3.2 1.88 39.53 41.41 OK
r-devel-linux-x86_64-fedora-clang 0.3.2 95.47 OK
r-devel-linux-x86_64-fedora-gcc 0.3.2 92.37 OK
r-devel-windows-x86_64 0.3.2 9.00 107.00 116.00 OK
r-patched-linux-x86_64 0.3.2 2.52 51.72 54.24 OK
r-release-linux-x86_64 0.3.2 2.15 51.26 53.41 OK
r-release-macos-arm64 0.3.2 47.00 OK
r-release-macos-x86_64 0.3.2 59.00 OK
r-release-windows-x86_64 0.3.2 9.00 126.00 135.00 OK
r-oldrel-macos-arm64 0.3.2 34.00 NOTE
r-oldrel-macos-x86_64 0.3.2 51.00 NOTE
r-oldrel-windows-x86_64 0.3.2 12.00 96.00 108.00 NOTE

Check Details

Version: 0.3.2
Check: installed package size
Result: NOTE installed size is 14.1Mb sub-directories of 1Mb or more: exiftool 14.0Mb Flavors: r-oldrel-macos-arm64, r-oldrel-macos-x86_64, r-oldrel-windows-x86_64

Version: 0.3.2
Check: LazyData
Result: NOTE 'LazyData' is specified without a 'data' directory Flavors: r-oldrel-macos-arm64, r-oldrel-macos-x86_64, r-oldrel-windows-x86_64

mirror server hosted at Truenetwork, Russian Federation.