Last updated on 2025-11-04 11:52:30 CET.
| Flavor | Version | Tinstall | Tcheck | Ttotal | Status | Flags | 
|---|---|---|---|---|---|---|
| r-devel-linux-x86_64-debian-clang | 2.12 | 28.28 | 178.95 | 207.23 | NOTE | |
| r-devel-linux-x86_64-debian-gcc | 2.12 | 17.24 | 110.67 | 127.91 | NOTE | |
| r-devel-linux-x86_64-fedora-clang | 2.12 | 57.00 | 264.31 | 321.31 | NOTE | |
| r-devel-linux-x86_64-fedora-gcc | 2.12 | 58.00 | 240.14 | 298.14 | NOTE | |
| r-devel-windows-x86_64 | 2.12 | 24.00 | 172.00 | 196.00 | NOTE | |
| r-patched-linux-x86_64 | 2.12 | 36.24 | 169.97 | 206.21 | NOTE | |
| r-release-linux-x86_64 | 2.12 | 25.53 | 169.49 | 195.02 | NOTE | |
| r-release-macos-arm64 | 2.12 | 16.00 | 57.00 | 73.00 | NOTE | |
| r-release-macos-x86_64 | 2.12 | 23.00 | 113.00 | 136.00 | NOTE | |
| r-release-windows-x86_64 | 2.12 | 28.00 | 171.00 | 199.00 | NOTE | |
| r-oldrel-macos-arm64 | 2.12 | 12.00 | 62.00 | 74.00 | NOTE | |
| r-oldrel-macos-x86_64 | 2.12 | 18.00 | 83.00 | 101.00 | NOTE | |
| r-oldrel-windows-x86_64 | 2.12 | 34.00 | 215.00 | 249.00 | NOTE | 
Version: 2.12
Check: CRAN incoming feasibility
Result: NOTE
  Maintainer: ‘Carl Scarrott <carl.scarrott@canterbury.ac.nz>’
  
  No Authors@R field in DESCRIPTION.
  Please add one, modifying
    Authors@R: c(person(given = "Carl",
                        family = "Scarrott",
                        role = c("aut", "cre"),
                        email = "carl.scarrott@canterbury.ac.nz"),
                 person(given = "Yang",
                        family = "Hu",
                        role = "aut"),
                 person(given = "Alfadino",
                        family = "Akbar",
                        role = "aut"),
                 person(given = c("University", "of"),
                        family = "Canterbury",
                        role = "aut"))
  as necessary.
Flavors: r-devel-linux-x86_64-debian-clang, r-devel-linux-x86_64-debian-gcc
Version: 2.12
Check: Rd files
Result: NOTE
  checkRd: (-1) fbckden.Rd:74-93: Only 2 columns allowed in this table (row 3 has 1)
  checkRd: (-1) fmgammagpd.Rd:183: Lost braces; missing escapes or markup?
     183 |  \item {nlumgammagpd} and {proflumgammagpd} - \code{c(mgshape, mgscale, mgweight[1:(M-1)], sigmau, xi)}
         |                           ^
  checkRd: (-1) fmgammagpdcon.Rd:181: Lost braces; missing escapes or markup?
     181 |  \item {nlumgammagpdcon} and {proflumgammagpdcon} - \code{c(mgshape, mgscale, mgweight[1:(M-1)], xi)}
         |                              ^
  checkRd: (-1) kernels.Rd:87: Lost braces
      87 | code{\link[evmix:kernels]{kd*}}  and \code{\link[evmix:kernels]{kp*}} give the
         |     ^
Flavors: r-devel-linux-x86_64-debian-clang, r-devel-linux-x86_64-debian-gcc, r-devel-linux-x86_64-fedora-clang, r-devel-linux-x86_64-fedora-gcc, r-devel-windows-x86_64
Version: 2.12
Check: Rd files
Result: NOTE
  checkRd: (-1) fmgammagpd.Rd:183: Lost braces; missing escapes or markup?
     183 |  \item {nlumgammagpd} and {proflumgammagpd} - \code{c(mgshape, mgscale, mgweight[1:(M-1)], sigmau, xi)}
         |                           ^
  checkRd: (-1) fmgammagpdcon.Rd:181: Lost braces; missing escapes or markup?
     181 |  \item {nlumgammagpdcon} and {proflumgammagpdcon} - \code{c(mgshape, mgscale, mgweight[1:(M-1)], xi)}
         |                              ^
  checkRd: (-1) kernels.Rd:87: Lost braces
      87 | code{\link[evmix:kernels]{kd*}}  and \code{\link[evmix:kernels]{kp*}} give the
         |     ^
Flavors: r-patched-linux-x86_64, r-release-linux-x86_64, r-release-macos-arm64, r-release-macos-x86_64, r-release-windows-x86_64, r-oldrel-macos-arm64, r-oldrel-macos-x86_64, r-oldrel-windows-x86_64
Version: 2.12
Check: installed package size
Result: NOTE
    installed size is  5.9Mb
    sub-directories of 1Mb or more:
      R     2.0Mb
      doc   2.9Mb
Flavors: r-oldrel-macos-arm64, r-oldrel-macos-x86_64