Last updated on 2025-11-04 05:51:10 CET.
| Flavor | Version | Tinstall | Tcheck | Ttotal | Status | Flags | 
|---|---|---|---|---|---|---|
| r-devel-linux-x86_64-debian-clang | 0.8.10 | 22.73 | 224.85 | 247.58 | NOTE | |
| r-devel-linux-x86_64-debian-gcc | 0.8.10 | 20.07 | 156.86 | 176.93 | NOTE | |
| r-devel-linux-x86_64-fedora-clang | 0.8.10 | 77.00 | 322.88 | 399.88 | NOTE | |
| r-devel-linux-x86_64-fedora-gcc | 0.8.10 | 75.00 | 308.68 | 383.68 | NOTE | |
| r-devel-windows-x86_64 | 0.8.10 | 25.00 | 207.00 | 232.00 | NOTE | |
| r-patched-linux-x86_64 | 0.8.10 | 22.80 | 214.81 | 237.61 | NOTE | |
| r-release-linux-x86_64 | 0.8.10 | 22.52 | 214.60 | 237.12 | NOTE | |
| r-release-macos-arm64 | 0.8.10 | 14.00 | 91.00 | 105.00 | NOTE | |
| r-release-macos-x86_64 | 0.8.10 | 27.00 | 168.00 | 195.00 | NOTE | |
| r-release-windows-x86_64 | 0.8.10 | 25.00 | 204.00 | 229.00 | NOTE | |
| r-oldrel-macos-arm64 | 0.8.10 | 10.00 | 79.00 | 89.00 | NOTE | |
| r-oldrel-macos-x86_64 | 0.8.10 | 16.00 | 112.00 | 128.00 | NOTE | |
| r-oldrel-windows-x86_64 | 0.8.10 | 24.00 | 266.00 | 290.00 | NOTE | 
Version: 0.8.10
Check: CRAN incoming feasibility
Result: NOTE
  Maintainer: ‘Robert van Hulst <rvhulst@ubishops.ca>’
  
  No Authors@R field in DESCRIPTION.
  Please add one, modifying
    Authors@R: person(given = "Robert",
                      family = "van Hulst",
                      role = c("aut", "cre"),
                      email = "rvhulst@ubishops.ca")
  as necessary.
  
  The BugReports field in DESCRIPTION has
    https://github.com/rvhulst/evidence/
  which should likely be
    https://github.com/rvhulst/evidence/issues
  instead.
Flavors: r-devel-linux-x86_64-debian-clang, r-devel-linux-x86_64-debian-gcc
Version: 0.8.10
Check: Rd files
Result: NOTE
  checkRd: (-1) Snoring.Rd:21: Escaped LaTeX specials: \&
Flavors: r-devel-linux-x86_64-debian-clang, r-devel-linux-x86_64-debian-gcc, r-devel-linux-x86_64-fedora-clang, r-devel-linux-x86_64-fedora-gcc, r-devel-windows-x86_64, r-patched-linux-x86_64, r-release-linux-x86_64, r-release-macos-arm64, r-release-macos-x86_64, r-release-windows-x86_64, r-oldrel-macos-arm64, r-oldrel-macos-x86_64, r-oldrel-windows-x86_64