Last updated on 2025-11-04 11:52:30 CET.
| Flavor | Version | Tinstall | Tcheck | Ttotal | Status | Flags | 
|---|---|---|---|---|---|---|
| r-devel-linux-x86_64-debian-clang | 0.3.1 | 8.59 | 29.18 | 37.77 | NOTE | |
| r-devel-linux-x86_64-debian-gcc | 0.3.1 | 5.82 | 22.50 | 28.32 | NOTE | |
| r-devel-linux-x86_64-fedora-clang | 0.3.1 | 18.00 | 40.89 | 58.89 | OK | |
| r-devel-linux-x86_64-fedora-gcc | 0.3.1 | 21.00 | 49.59 | 70.59 | OK | |
| r-devel-windows-x86_64 | 0.3.1 | 10.00 | 46.00 | 56.00 | OK | |
| r-patched-linux-x86_64 | 0.3.1 | 8.26 | 28.16 | 36.42 | OK | |
| r-release-linux-x86_64 | 0.3.1 | 8.42 | 27.81 | 36.23 | OK | |
| r-release-macos-arm64 | 0.3.1 | 4.00 | 26.00 | 30.00 | OK | |
| r-release-macos-x86_64 | 0.3.1 | 8.00 | 44.00 | 52.00 | OK | |
| r-release-windows-x86_64 | 0.3.1 | 9.00 | 46.00 | 55.00 | OK | |
| r-oldrel-macos-arm64 | 0.3.1 | 5.00 | 30.00 | 35.00 | OK | |
| r-oldrel-macos-x86_64 | 0.3.1 | 7.00 | 33.00 | 40.00 | OK | |
| r-oldrel-windows-x86_64 | 0.3.1 | 12.00 | 53.00 | 65.00 | OK | 
Version: 0.3.1
Check: CRAN incoming feasibility
Result: NOTE
  Maintainer: ‘Gert Janssenswillen <gert.janssenswillen@uhasselt.be>’
  
  The BugReports field in DESCRIPTION has
    https://github.com/bupaverse/eventdataR/
  which should likely be
    https://github.com/bupaverse/eventdataR/issues
  instead.
Flavors: r-devel-linux-x86_64-debian-clang, r-devel-linux-x86_64-debian-gcc