Last updated on 2025-07-13 06:48:23 CEST.
Flavor | Version | Tinstall | Tcheck | Ttotal | Status | Flags |
---|---|---|---|---|---|---|
r-devel-linux-x86_64-debian-clang | 1.11.1 | 100.41 | 354.63 | 455.04 | OK | |
r-devel-linux-x86_64-debian-gcc | 1.11.1 | 70.00 | 251.54 | 321.54 | OK | |
r-devel-linux-x86_64-fedora-clang | 1.11.1 | 764.63 | OK | |||
r-devel-linux-x86_64-fedora-gcc | 1.11.1 | 744.79 | OK | |||
r-devel-windows-x86_64 | 1.11.1 | 111.00 | 370.00 | 481.00 | OK | |
r-patched-linux-x86_64 | 1.11.1 | 103.12 | 358.10 | 461.22 | OK | |
r-release-linux-x86_64 | 1.11.1 | 102.57 | 359.01 | 461.58 | OK | |
r-release-macos-arm64 | 1.11.0 | 177.00 | OK | |||
r-release-macos-x86_64 | 1.11.1 | 403.00 | OK | |||
r-release-windows-x86_64 | 1.11.1 | 111.00 | 405.00 | 516.00 | OK | |
r-oldrel-macos-arm64 | 1.11.0 | 275.00 | NOTE | |||
r-oldrel-macos-x86_64 | 1.11.1 | 385.00 | NOTE | |||
r-oldrel-windows-x86_64 | 1.11.1 | 139.00 | 468.00 | 607.00 | OK |
Version: 1.11.0
Check: installed package size
Result: NOTE
installed size is 5.6Mb
sub-directories of 1Mb or more:
R 2.1Mb
libs 2.5Mb
Flavor: r-oldrel-macos-arm64
Version: 1.11.1
Check: installed package size
Result: NOTE
installed size is 5.6Mb
sub-directories of 1Mb or more:
R 2.1Mb
libs 2.5Mb
Flavor: r-oldrel-macos-x86_64