Last updated on 2025-11-04 05:51:10 CET.
| Flavor | Version | Tinstall | Tcheck | Ttotal | Status | Flags | 
|---|---|---|---|---|---|---|
| r-devel-linux-x86_64-debian-clang | 1.0.4 | 194.74 | 124.40 | 319.14 | OK | |
| r-devel-linux-x86_64-debian-gcc | 1.0.4 | 175.14 | 83.51 | 258.65 | OK | |
| r-devel-linux-x86_64-fedora-clang | 1.0.4 | 276.00 | 229.29 | 505.29 | OK | |
| r-devel-linux-x86_64-fedora-gcc | 1.0.4 | 234.00 | 392.58 | 626.58 | OK | |
| r-devel-windows-x86_64 | 1.0.4 | 224.00 | 169.00 | 393.00 | OK | |
| r-patched-linux-x86_64 | 1.0.4 | 223.64 | 119.99 | 343.63 | OK | |
| r-release-linux-x86_64 | 1.0.4 | 226.28 | 119.80 | 346.08 | OK | |
| r-release-macos-arm64 | 1.0.4 | 82.00 | 47.00 | 129.00 | OK | |
| r-release-macos-x86_64 | 1.0.4 | 87.00 | 120.00 | 207.00 | OK | |
| r-release-windows-x86_64 | 1.0.4 | 216.00 | 165.00 | 381.00 | OK | |
| r-oldrel-macos-arm64 | 1.0.4 | 87.00 | 55.00 | 142.00 | NOTE | |
| r-oldrel-macos-x86_64 | 1.0.4 | 89.00 | 113.00 | 202.00 | NOTE | |
| r-oldrel-windows-x86_64 | 1.0.4 | 277.00 | 224.00 | 501.00 | OK | 
Version: 1.0.4
Check: installed package size
Result: NOTE
    installed size is 30.7Mb
    sub-directories of 1Mb or more:
      libs  29.8Mb
Flavors: r-oldrel-macos-arm64, r-oldrel-macos-x86_64