Last updated on 2025-11-03 23:50:16 CET.
| Flavor | Version | Tinstall | Tcheck | Ttotal | Status | Flags | 
|---|---|---|---|---|---|---|
| r-devel-linux-x86_64-debian-clang | 0.3-1 | 85.25 | 218.43 | 303.68 | NOTE | |
| r-devel-linux-x86_64-debian-gcc | 0.3-1 | 59.93 | 146.03 | 205.96 | NOTE | |
| r-devel-linux-x86_64-fedora-clang | 0.3-1 | 187.00 | 324.62 | 511.62 | OK | |
| r-devel-linux-x86_64-fedora-gcc | 0.3-1 | 190.00 | 306.95 | 496.95 | OK | |
| r-devel-windows-x86_64 | 0.3-1 | 96.00 | 218.00 | 314.00 | NOTE | |
| r-patched-linux-x86_64 | 0.3-1 | 94.70 | 204.77 | 299.47 | NOTE | |
| r-release-linux-x86_64 | 0.3-1 | 93.36 | 204.66 | 298.02 | NOTE | |
| r-release-macos-arm64 | 0.3-1 | 42.00 | 114.00 | 156.00 | OK | |
| r-release-macos-x86_64 | 0.3-1 | 54.00 | 164.00 | 218.00 | OK | |
| r-release-windows-x86_64 | 0.3-1 | 96.00 | 216.00 | 312.00 | NOTE | |
| r-oldrel-macos-arm64 | 0.3-1 | 37.00 | 84.00 | 121.00 | NOTE | |
| r-oldrel-macos-x86_64 | 0.3-1 | 47.00 | 147.00 | 194.00 | NOTE | |
| r-oldrel-windows-x86_64 | 0.3-1 | 118.00 | 300.00 | 418.00 | OK | 
Version: 0.3-1
Check: Rd cross-references
Result: NOTE
  Found the following Rd file(s) with Rd \link{} targets missing package
  anchors:
    nvertex.Rd: network
  Please provide package anchors for all Rd \link{} targets not in the
  package itself and the base packages.
Flavors: r-devel-linux-x86_64-debian-clang, r-devel-linux-x86_64-debian-gcc, r-devel-windows-x86_64, r-patched-linux-x86_64, r-release-linux-x86_64, r-release-windows-x86_64
Version: 0.3-1
Check: installed package size
Result: NOTE
    installed size is  5.6Mb
    sub-directories of 1Mb or more:
      libs   4.2Mb
Flavors: r-oldrel-macos-arm64, r-oldrel-macos-x86_64