CRAN Package Check Results for Package epxToR

Last updated on 2025-07-15 00:50:01 CEST.

Flavor Version Tinstall Tcheck Ttotal Status Flags
r-devel-linux-x86_64-debian-clang 0.4-1 2.87 25.59 28.46 OK
r-devel-linux-x86_64-debian-gcc 0.4-1 2.09 20.59 22.68 OK
r-devel-linux-x86_64-fedora-clang 0.4-1 43.32 OK
r-devel-linux-x86_64-fedora-gcc 0.4-1 41.31 OK
r-devel-windows-x86_64 0.4-1 4.00 45.00 49.00 OK
r-patched-linux-x86_64 0.4-1 2.84 24.10 26.94 OK
r-release-linux-x86_64 0.4-1 2.78 24.02 26.80 OK
r-release-macos-arm64 0.4-1 25.00 OK
r-release-macos-x86_64 0.4-1 30.00 OK
r-release-windows-x86_64 0.4-1 4.00 53.00 57.00 OK
r-oldrel-macos-arm64 0.4-1 18.00 NOTE
r-oldrel-macos-x86_64 0.4-1 26.00 NOTE
r-oldrel-windows-x86_64 0.4-1 13.00 49.00 62.00 NOTE

Check Details

Version: 0.4-1
Check: LazyData
Result: NOTE 'LazyData' is specified without a 'data' directory Flavors: r-oldrel-macos-arm64, r-oldrel-macos-x86_64, r-oldrel-windows-x86_64

mirror server hosted at Truenetwork, Russian Federation.