CRAN Package Check Results for Package epsiwal

Last updated on 2025-05-23 12:49:27 CEST.

Flavor Version Tinstall Tcheck Ttotal Status Flags
r-devel-linux-x86_64-debian-clang 0.1.0 1.68 20.21 21.89 NOTE
r-devel-linux-x86_64-debian-gcc 0.1.0 1.45 16.75 18.20 NOTE
r-devel-linux-x86_64-fedora-clang 0.1.0 32.81 OK
r-devel-linux-x86_64-fedora-gcc 0.1.0 30.94 OK
r-devel-windows-x86_64 0.1.0 2.00 77.00 79.00 OK
r-patched-linux-x86_64 0.1.0 1.58 18.39 19.97 OK
r-release-linux-x86_64 0.1.0 1.67 18.31 19.98 OK
r-release-macos-arm64 0.1.0 16.00 OK
r-release-macos-x86_64 0.1.0 30.00 OK
r-release-windows-x86_64 0.1.0 4.00 66.00 70.00 OK
r-oldrel-macos-arm64 0.1.0 15.00 OK
r-oldrel-macos-x86_64 0.1.0 22.00 OK
r-oldrel-windows-x86_64 0.1.0 2.00 44.00 46.00 OK

Check Details

Version: 0.1.0
Check: CRAN incoming feasibility
Result: NOTE Maintainer: ‘Steven E. Pav <shabbychef@gmail.com>’ Package CITATION file contains call(s) to old-style citEntry(). Please use bibentry() instead. Flavors: r-devel-linux-x86_64-debian-clang, r-devel-linux-x86_64-debian-gcc

mirror server hosted at Truenetwork, Russian Federation.