Last updated on 2025-11-04 05:51:10 CET.
| Flavor | Version | Tinstall | Tcheck | Ttotal | Status | Flags | 
|---|---|---|---|---|---|---|
| r-devel-linux-x86_64-debian-clang | 3.0 | 9.81 | 72.65 | 82.46 | NOTE | |
| r-devel-linux-x86_64-debian-gcc | 3.0 | 6.13 | 53.94 | 60.07 | NOTE | |
| r-devel-linux-x86_64-fedora-clang | 3.0 | 19.00 | 107.17 | 126.17 | OK | |
| r-devel-linux-x86_64-fedora-gcc | 3.0 | 19.00 | 101.98 | 120.98 | OK | |
| r-devel-windows-x86_64 | 3.0 | 12.00 | 80.00 | 92.00 | OK | |
| r-patched-linux-x86_64 | 3.0 | 8.55 | 69.53 | 78.08 | OK | |
| r-release-linux-x86_64 | 3.0 | 8.23 | 69.24 | 77.47 | OK | |
| r-release-macos-arm64 | 3.0 | 4.00 | 31.00 | 35.00 | OK | |
| r-release-macos-x86_64 | 3.0 | 7.00 | 58.00 | 65.00 | OK | |
| r-release-windows-x86_64 | 3.0 | 11.00 | 79.00 | 90.00 | OK | |
| r-oldrel-macos-arm64 | 3.0 | 4.00 | 33.00 | 37.00 | OK | |
| r-oldrel-macos-x86_64 | 3.0 | 6.00 | 45.00 | 51.00 | OK | |
| r-oldrel-windows-x86_64 | 3.0 | 15.00 | 101.00 | 116.00 | OK | 
Version: 3.0
Check: CRAN incoming feasibility
Result: NOTE
  Maintainer: ‘Emmanuel Arnhold <emmanuelarnhold@yahoo.com.br>’
  
  No Authors@R field in DESCRIPTION.
  Please add one, modifying
    Authors@R: person(given = "Emmanuel",
                      family = "Arnhold",
                      role = c("aut", "cre"),
                      email = "emmanuelarnhold@yahoo.com.br")
  as necessary.
Flavors: r-devel-linux-x86_64-debian-clang, r-devel-linux-x86_64-debian-gcc