Last updated on 2025-05-27 18:49:49 CEST.
Flavor | Version | Tinstall | Tcheck | Ttotal | Status | Flags |
---|---|---|---|---|---|---|
r-devel-linux-x86_64-debian-clang | 0.16.3 | 55.95 | 288.47 | 344.42 | OK | |
r-devel-linux-x86_64-debian-gcc | 0.16.3 | 33.89 | 181.32 | 215.21 | OK | |
r-devel-linux-x86_64-fedora-clang | 0.16.3 | 518.04 | OK | |||
r-devel-linux-x86_64-fedora-gcc | 0.16.3 | 477.26 | OK | |||
r-devel-windows-x86_64 | 0.16.3 | 54.00 | 253.00 | 307.00 | OK | |
r-patched-linux-x86_64 | 0.16.3 | 60.98 | 255.06 | 316.04 | OK | |
r-release-linux-x86_64 | 0.16.3 | 54.90 | 255.65 | 310.55 | OK | |
r-release-macos-arm64 | 0.16.3 | 136.00 | OK | |||
r-release-macos-x86_64 | 0.16.3 | 260.00 | OK | |||
r-release-windows-x86_64 | 0.16.3 | 55.00 | 248.00 | 303.00 | OK | |
r-oldrel-macos-arm64 | 0.16.3 | 125.00 | NOTE | |||
r-oldrel-macos-x86_64 | 0.16.3 | 251.00 | NOTE | |||
r-oldrel-windows-x86_64 | 0.16.3 | 72.00 | 323.00 | 395.00 | OK |
Version: 0.16.3
Check: installed package size
Result: NOTE
installed size is 5.4Mb
sub-directories of 1Mb or more:
R 4.3Mb
Flavors: r-oldrel-macos-arm64, r-oldrel-macos-x86_64