CRAN Package Check Results for Package epitrix

Last updated on 2025-07-12 18:49:39 CEST.

Flavor Version Tinstall Tcheck Ttotal Status Flags
r-devel-linux-x86_64-debian-clang 0.4.0 4.43 51.87 56.30 NOTE
r-devel-linux-x86_64-debian-gcc 0.4.0 3.01 39.18 42.19 NOTE
r-devel-linux-x86_64-fedora-clang 0.4.0 86.35 OK
r-devel-linux-x86_64-fedora-gcc 0.4.0 95.77 OK
r-devel-windows-x86_64 0.4.0 6.00 68.00 74.00 NOTE
r-patched-linux-x86_64 0.4.0 3.84 48.72 52.56 NOTE
r-release-linux-x86_64 0.4.0 4.79 48.59 53.38 NOTE
r-release-macos-arm64 0.4.0 36.00 OK
r-release-macos-x86_64 0.4.0 66.00 OK
r-release-windows-x86_64 0.4.0 5.00 68.00 73.00 NOTE
r-oldrel-macos-arm64 0.4.0 37.00 OK
r-oldrel-macos-x86_64 0.4.0 53.00 OK
r-oldrel-windows-x86_64 0.4.0 8.00 79.00 87.00 OK

Check Details

Version: 0.4.0
Check: Rd cross-references
Result: NOTE Found the following Rd file(s) with Rd \link{} targets missing package anchors: fit_disc_gamma.Rd: distcrete gamma_tools.Rd: distcrete Please provide package anchors for all Rd \link{} targets not in the package itself and the base packages. Flavors: r-devel-linux-x86_64-debian-clang, r-devel-linux-x86_64-debian-gcc, r-devel-windows-x86_64, r-patched-linux-x86_64, r-release-linux-x86_64, r-release-windows-x86_64

mirror server hosted at Truenetwork, Russian Federation.