Last updated on 2025-11-04 11:52:29 CET.
| Flavor | Version | Tinstall | Tcheck | Ttotal | Status | Flags | 
|---|---|---|---|---|---|---|
| r-devel-linux-x86_64-debian-clang | 0.2.2 | 2.81 | 36.59 | 39.40 | NOTE | |
| r-devel-linux-x86_64-debian-gcc | 0.2.2 | 2.28 | 28.17 | 30.45 | NOTE | |
| r-devel-linux-x86_64-fedora-clang | 0.2.2 | 61.56 | OK | |||
| r-devel-linux-x86_64-fedora-gcc | 0.2.2 | 72.86 | OK | |||
| r-devel-windows-x86_64 | 0.2.2 | 6.00 | 55.00 | 61.00 | OK | |
| r-patched-linux-x86_64 | 0.2.2 | 2.46 | 34.74 | 37.20 | OK | |
| r-release-linux-x86_64 | 0.2.2 | 2.59 | 35.08 | 37.67 | OK | |
| r-release-macos-arm64 | 0.2.2 | 2.00 | 33.00 | 35.00 | OK | |
| r-release-macos-x86_64 | 0.2.2 | 2.00 | 47.00 | 49.00 | OK | |
| r-release-windows-x86_64 | 0.2.2 | 5.00 | 53.00 | 58.00 | OK | |
| r-oldrel-macos-arm64 | 0.2.2 | 1.00 | 26.00 | 27.00 | NOTE | |
| r-oldrel-macos-x86_64 | 0.2.2 | 2.00 | 40.00 | 42.00 | NOTE | |
| r-oldrel-windows-x86_64 | 0.2.2 | 5.00 | 63.00 | 68.00 | NOTE | 
Version: 0.2.2
Check: CRAN incoming feasibility
Result: NOTE
  Maintainer: ‘Stuart Lacy <stuart.lacy@york.ac.uk>’
  
  No Authors@R field in DESCRIPTION.
  Please add one, modifying
    Authors@R: person(given = "Stuart",
                      family = "Lacy",
                      role = c("aut", "cre"),
                      email = "stuart.lacy@york.ac.uk")
  as necessary.
Flavors: r-devel-linux-x86_64-debian-clang, r-devel-linux-x86_64-debian-gcc
Version: 0.2.2
Check: LazyData
Result: NOTE
    'LazyData' is specified without a 'data' directory
Flavors: r-oldrel-macos-arm64, r-oldrel-macos-x86_64, r-oldrel-windows-x86_64