Last updated on 2025-07-16 07:49:04 CEST.
Flavor | Version | Tinstall | Tcheck | Ttotal | Status | Flags |
---|---|---|---|---|---|---|
r-devel-linux-x86_64-debian-clang | 0.3.0 | 2.75 | 63.16 | 65.91 | OK | |
r-devel-linux-x86_64-debian-gcc | 0.3.0 | 1.99 | 46.26 | 48.25 | OK | |
r-devel-linux-x86_64-fedora-clang | 0.3.0 | 102.54 | NOTE | |||
r-devel-linux-x86_64-fedora-gcc | 0.3.0 | 110.35 | NOTE | |||
r-devel-windows-x86_64 | 0.3.0 | 5.00 | 84.00 | 89.00 | OK | |
r-patched-linux-x86_64 | 0.3.0 | 3.35 | 60.68 | 64.03 | OK | |
r-release-linux-x86_64 | 0.3.0 | 2.68 | 58.80 | 61.48 | OK | |
r-release-macos-arm64 | 0.3.0 | 36.00 | OK | |||
r-release-macos-x86_64 | 0.3.0 | 79.00 | OK | |||
r-release-windows-x86_64 | 0.3.0 | 5.00 | 91.00 | 96.00 | OK | |
r-oldrel-macos-arm64 | 0.3.0 | 38.00 | OK | |||
r-oldrel-macos-x86_64 | 0.3.0 | 58.00 | OK | |||
r-oldrel-windows-x86_64 | 0.3.0 | 6.00 | 98.00 | 104.00 | OK |
Version: 0.3.0
Check: dependencies in R code
Result: NOTE
Namespace in Imports field not imported from: ‘knitr’
All declared Imports should be used.
Flavors: r-devel-linux-x86_64-fedora-clang, r-devel-linux-x86_64-fedora-gcc