Last updated on 2025-11-04 05:51:10 CET.
| Flavor | Version | Tinstall | Tcheck | Ttotal | Status | Flags | 
|---|---|---|---|---|---|---|
| r-devel-linux-x86_64-debian-clang | 3.5.0.2 | 14.25 | 110.41 | 124.66 | NOTE | |
| r-devel-linux-x86_64-debian-gcc | 3.5.0.2 | 8.56 | 74.83 | 83.39 | NOTE | |
| r-devel-linux-x86_64-fedora-clang | 3.5.0.2 | 31.00 | 163.66 | 194.66 | NOTE | |
| r-devel-linux-x86_64-fedora-gcc | 3.5.0.2 | 31.00 | 153.72 | 184.72 | NOTE | |
| r-devel-windows-x86_64 | 3.5.0.2 | 16.00 | 127.00 | 143.00 | NOTE | |
| r-patched-linux-x86_64 | 3.5.0.2 | 14.53 | 102.53 | 117.06 | NOTE | |
| r-release-linux-x86_64 | 3.5.0.2 | 15.81 | 103.31 | 119.12 | NOTE | |
| r-release-macos-arm64 | 3.5.0.2 | 7.00 | 47.00 | 54.00 | NOTE | |
| r-release-macos-x86_64 | 3.5.0.2 | 21.00 | 132.00 | 153.00 | NOTE | |
| r-release-windows-x86_64 | 3.5.0.2 | 16.00 | 124.00 | 140.00 | NOTE | |
| r-oldrel-macos-arm64 | 3.5.0.2 | 6.00 | 44.00 | 50.00 | NOTE | |
| r-oldrel-macos-x86_64 | 3.5.0.2 | 10.00 | 66.00 | 76.00 | NOTE | |
| r-oldrel-windows-x86_64 | 3.5.0.2 | 22.00 | 154.00 | 176.00 | NOTE | 
Version: 3.5.0.2
Check: CRAN incoming feasibility
Result: NOTE
  Maintainer: ‘Virasakdi Chongsuvivatwong <cvirasak@medicine.psu.ac.th>’
  
  No Authors@R field in DESCRIPTION.
  Please add one, modifying
    Authors@R: person(given = "Virasakdi",
                      family = "Chongsuvivatwong",
                      role = c("aut", "cre"),
                      email = "cvirasak@medicine.psu.ac.th")
  as necessary.
Flavors: r-devel-linux-x86_64-debian-clang, r-devel-linux-x86_64-debian-gcc
Version: 3.5.0.2
Check: Rd files
Result: NOTE
  checkRd: (-1) risk.display.rd:98: Escaped LaTeX specials: \$
Flavors: r-devel-linux-x86_64-debian-clang, r-devel-linux-x86_64-debian-gcc, r-devel-linux-x86_64-fedora-clang, r-devel-linux-x86_64-fedora-gcc, r-devel-windows-x86_64, r-patched-linux-x86_64, r-release-linux-x86_64, r-release-macos-arm64, r-release-macos-x86_64, r-release-windows-x86_64, r-oldrel-macos-arm64, r-oldrel-macos-x86_64, r-oldrel-windows-x86_64