CRAN Package Check Results for Package entrymodels

Last updated on 2025-05-26 00:48:31 CEST.

Flavor Version Tinstall Tcheck Ttotal Status Flags
r-devel-linux-x86_64-debian-clang 0.2.1 4.60 38.28 42.88 OK
r-devel-linux-x86_64-debian-gcc 0.2.1 3.16 28.99 32.15 OK
r-devel-linux-x86_64-fedora-clang 0.2.1 67.19 OK
r-devel-linux-x86_64-fedora-gcc 0.2.1 61.69 OK
r-devel-windows-x86_64 0.2.1 5.00 54.00 59.00 OK
r-patched-linux-x86_64 0.2.1 4.14 35.63 39.77 OK
r-release-linux-x86_64 0.2.1 3.68 35.23 38.91 OK
r-release-macos-arm64 0.2.1 24.00 OK
r-release-macos-x86_64 0.2.1 40.00 OK
r-release-windows-x86_64 0.2.1 7.00 54.00 61.00 OK
r-oldrel-macos-arm64 0.2.1 24.00 NOTE
r-oldrel-macos-x86_64 0.2.1 33.00 NOTE
r-oldrel-windows-x86_64 0.2.1 7.00 63.00 70.00 NOTE

Check Details

Version: 0.2.1
Check: LazyData
Result: NOTE 'LazyData' is specified without a 'data' directory Flavors: r-oldrel-macos-arm64, r-oldrel-macos-x86_64, r-oldrel-windows-x86_64

mirror server hosted at Truenetwork, Russian Federation.