CRAN Package Check Results for Package emojifont

Last updated on 2025-07-16 07:49:04 CEST.

Flavor Version Tinstall Tcheck Ttotal Status Flags
r-devel-linux-x86_64-debian-clang 0.5.5 4.91 54.47 59.38 OK
r-devel-linux-x86_64-debian-gcc 0.5.5 3.75 41.38 45.13 OK
r-devel-linux-x86_64-fedora-clang 0.5.5 91.62 OK
r-devel-linux-x86_64-fedora-gcc 0.5.5 100.15 OK
r-devel-windows-x86_64 0.5.5 8.00 74.00 82.00 OK
r-patched-linux-x86_64 0.5.5 5.02 51.21 56.23 OK
r-release-linux-x86_64 0.5.5 5.09 50.85 55.94 OK
r-release-macos-arm64 0.5.5 37.00 OK
r-release-macos-x86_64 0.5.5 64.00 OK
r-release-windows-x86_64 0.5.5 8.00 84.00 92.00 OK
r-oldrel-macos-arm64 0.5.5 36.00 NOTE
r-oldrel-macos-x86_64 0.5.5 55.00 NOTE
r-oldrel-windows-x86_64 0.5.5 11.00 89.00 100.00 NOTE

Check Details

Version: 0.5.5
Check: installed package size
Result: NOTE installed size is 7.0Mb sub-directories of 1Mb or more: emoji_fonts 6.4Mb Flavors: r-oldrel-macos-arm64, r-oldrel-macos-x86_64, r-oldrel-windows-x86_64

mirror server hosted at Truenetwork, Russian Federation.