Last updated on 2025-11-04 11:52:29 CET.
| Flavor | Version | Tinstall | Tcheck | Ttotal | Status | Flags | 
|---|---|---|---|---|---|---|
| r-devel-linux-x86_64-debian-clang | 0.1.0 | 5.71 | 30.27 | 35.98 | OK | |
| r-devel-linux-x86_64-debian-gcc | 0.1.0 | 5.79 | 23.11 | 28.90 | OK | |
| r-devel-linux-x86_64-fedora-clang | 0.1.0 | 11.00 | 39.22 | 50.22 | OK | |
| r-devel-linux-x86_64-fedora-gcc | 0.1.0 | 13.00 | 36.83 | 49.83 | OK | |
| r-devel-windows-x86_64 | 0.1.0 | 9.00 | 48.00 | 57.00 | OK | |
| r-patched-linux-x86_64 | 0.1.0 | 6.61 | 27.07 | 33.68 | OK | |
| r-release-linux-x86_64 | 0.1.0 | 6.50 | 27.55 | 34.05 | OK | |
| r-release-macos-arm64 | 0.1.0 | 5.00 | 19.00 | 24.00 | OK | |
| r-release-macos-x86_64 | 0.1.0 | 15.00 | 34.00 | 49.00 | OK | |
| r-release-windows-x86_64 | 0.1.0 | 8.00 | 48.00 | 56.00 | OK | |
| r-oldrel-macos-arm64 | 0.1.0 | 5.00 | 23.00 | 28.00 | OK | |
| r-oldrel-macos-x86_64 | 0.1.0 | 23.00 | 48.00 | 71.00 | NOTE | |
| r-oldrel-windows-x86_64 | 0.1.0 | 12.00 | 60.00 | 72.00 | OK | 
Version: 0.1.0
Check: installed package size
Result: NOTE
    installed size is  5.5Mb
    sub-directories of 1Mb or more:
      data   5.4Mb
Flavor: r-oldrel-macos-x86_64