Last updated on 2025-11-04 05:51:09 CET.
| Flavor | Version | Tinstall | Tcheck | Ttotal | Status | Flags | 
|---|---|---|---|---|---|---|
| r-devel-linux-x86_64-debian-clang | 1.0.3 | 8.10 | 161.33 | 169.43 | NOTE | |
| r-devel-linux-x86_64-debian-gcc | 1.0.3 | 6.07 | 107.86 | 113.93 | NOTE | |
| r-devel-linux-x86_64-fedora-clang | 1.0.3 | 16.00 | 256.91 | 272.91 | NOTE | |
| r-devel-linux-x86_64-fedora-gcc | 1.0.3 | 17.00 | 274.02 | 291.02 | NOTE | |
| r-devel-windows-x86_64 | 1.0.3 | 17.00 | 310.00 | 327.00 | OK | |
| r-patched-linux-x86_64 | 1.0.3 | 8.62 | 157.75 | 166.37 | OK | |
| r-release-linux-x86_64 | 1.0.3 | 6.87 | 157.22 | 164.09 | OK | |
| r-release-macos-arm64 | 1.0.3 | 6.00 | 97.00 | 103.00 | OK | |
| r-release-macos-x86_64 | 1.0.3 | 11.00 | 192.00 | 203.00 | OK | |
| r-release-windows-x86_64 | 1.0.3 | 15.00 | 308.00 | 323.00 | OK | |
| r-oldrel-macos-arm64 | 1.0.3 | 5.00 | 82.00 | 87.00 | OK | |
| r-oldrel-macos-x86_64 | 1.0.3 | 6.00 | 138.00 | 144.00 | OK | |
| r-oldrel-windows-x86_64 | 1.0.3 | 17.00 | 329.00 | 346.00 | OK | 
Version: 1.0.3
Check: CRAN incoming feasibility
Result: NOTE
  Maintainer: ‘Miguel Porto <mpbertolo@gmail.com>’
  
  The BugReports field in DESCRIPTION has
    https://github.com/miguel-porto/eicm
  which should likely be
    https://github.com/miguel-porto/eicm/issues
  instead.
Flavors: r-devel-linux-x86_64-debian-clang, r-devel-linux-x86_64-debian-gcc
Version: 1.0.3
Check: dependencies in R code
Result: NOTE
  Namespace in Imports field not imported from: ‘snow’
    All declared Imports should be used.
Flavors: r-devel-linux-x86_64-fedora-clang, r-devel-linux-x86_64-fedora-gcc