Last updated on 2025-05-22 06:51:44 CEST.
Flavor | Version | Tinstall | Tcheck | Ttotal | Status | Flags |
---|---|---|---|---|---|---|
r-devel-linux-x86_64-debian-clang | 1.0.3 | 7.52 | 156.78 | 164.30 | NOTE | |
r-devel-linux-x86_64-debian-gcc | 1.0.3 | 5.73 | 107.29 | 113.02 | NOTE | |
r-devel-linux-x86_64-fedora-clang | 1.0.3 | 274.34 | NOTE | |||
r-devel-linux-x86_64-fedora-gcc | 1.0.3 | 292.61 | NOTE | |||
r-devel-windows-x86_64 | 1.0.3 | 15.00 | 327.00 | 342.00 | OK | |
r-patched-linux-x86_64 | 1.0.3 | 9.46 | 155.68 | 165.14 | OK | |
r-release-linux-x86_64 | 1.0.3 | 8.04 | 156.20 | 164.24 | OK | |
r-release-macos-arm64 | 1.0.3 | 103.00 | OK | |||
r-release-macos-x86_64 | 1.0.3 | 203.00 | OK | |||
r-release-windows-x86_64 | 1.0.3 | 16.00 | 346.00 | 362.00 | OK | |
r-oldrel-macos-arm64 | 1.0.3 | 87.00 | OK | |||
r-oldrel-macos-x86_64 | 1.0.3 | 144.00 | OK | |||
r-oldrel-windows-x86_64 | 1.0.3 | 16.00 | 317.00 | 333.00 | OK |
Version: 1.0.3
Check: CRAN incoming feasibility
Result: NOTE
Maintainer: ‘Miguel Porto <mpbertolo@gmail.com>’
The BugReports field in DESCRIPTION has
https://github.com/miguel-porto/eicm
which should likely be
https://github.com/miguel-porto/eicm/issues
instead.
Flavors: r-devel-linux-x86_64-debian-clang, r-devel-linux-x86_64-debian-gcc
Version: 1.0.3
Check: dependencies in R code
Result: NOTE
Namespace in Imports field not imported from: ‘snow’
All declared Imports should be used.
Flavors: r-devel-linux-x86_64-fedora-clang, r-devel-linux-x86_64-fedora-gcc