Last updated on 2025-11-03 17:49:48 CET.
| Flavor | Version | Tinstall | Tcheck | Ttotal | Status | Flags |
|---|---|---|---|---|---|---|
| r-devel-linux-x86_64-debian-clang | 0.1.8 | 4.88 | 44.84 | 49.72 | OK | |
| r-devel-linux-x86_64-debian-gcc | 0.1.8 | 3.89 | 36.66 | 40.55 | OK | |
| r-devel-linux-x86_64-fedora-clang | 0.1.8 | 10.00 | 65.58 | 75.58 | NOTE | |
| r-devel-linux-x86_64-fedora-gcc | 0.1.8 | 86.52 | NOTE | |||
| r-devel-windows-x86_64 | 0.1.8 | 8.00 | 67.00 | 75.00 | OK | |
| r-patched-linux-x86_64 | 0.1.8 | 4.74 | 42.12 | 46.86 | OK | |
| r-release-linux-x86_64 | 0.1.8 | 4.92 | 42.64 | 47.56 | OK | |
| r-release-macos-arm64 | 0.1.8 | 3.00 | 40.00 | 43.00 | OK | |
| r-release-macos-x86_64 | 0.1.8 | 4.00 | 58.00 | 62.00 | OK | |
| r-release-windows-x86_64 | 0.1.8 | 7.00 | 66.00 | 73.00 | OK | |
| r-oldrel-macos-arm64 | 0.1.8 | 2.00 | 30.00 | 32.00 | OK | |
| r-oldrel-macos-x86_64 | 0.1.8 | 3.00 | 44.00 | 47.00 | OK | |
| r-oldrel-windows-x86_64 | 0.1.8 | 9.00 | 77.00 | 86.00 | OK |
Version: 0.1.8
Check: dependencies in R code
Result: NOTE
Namespaces in Imports field not imported from:
‘dplyr’ ‘magrittr’ ‘tibble’
All declared Imports should be used.
Flavors: r-devel-linux-x86_64-fedora-clang, r-devel-linux-x86_64-fedora-gcc