CRAN Package Check Results for Package edina

Last updated on 2025-02-21 17:50:40 CET.

Flavor Version Tinstall Tcheck Ttotal Status Flags
r-devel-linux-x86_64-debian-clang 0.1.1 27.75 45.86 73.61 NOTE
r-devel-linux-x86_64-debian-gcc 0.1.1 19.86 33.27 53.13 NOTE
r-devel-linux-x86_64-fedora-clang 0.1.1 130.04 NOTE
r-devel-linux-x86_64-fedora-gcc 0.1.1 121.45 NOTE
r-devel-macos-arm64 0.1.1 34.00 NOTE
r-devel-macos-x86_64 0.1.1 66.00 NOTE
r-devel-windows-x86_64 0.1.1 33.00 85.00 118.00 NOTE
r-patched-linux-x86_64 0.1.1 26.10 42.10 68.20 NOTE
r-release-linux-x86_64 0.1.1 28.01 41.62 69.63 NOTE
r-release-macos-arm64 0.1.1 39.00 NOTE
r-release-macos-x86_64 0.1.1 51.00 NOTE
r-release-windows-x86_64 0.1.1 32.00 83.00 115.00 NOTE
r-oldrel-macos-arm64 0.1.1 39.00 NOTE
r-oldrel-macos-x86_64 0.1.1 63.00 NOTE
r-oldrel-windows-x86_64 0.1.1 40.00 91.00 131.00 NOTE

Check Details

Version: 0.1.1
Check: C++ specification
Result: NOTE Specified C++11: please drop specification unless essential Flavors: r-devel-linux-x86_64-debian-clang, r-devel-linux-x86_64-debian-gcc, r-devel-linux-x86_64-fedora-clang, r-devel-linux-x86_64-fedora-gcc, r-devel-macos-arm64, r-devel-macos-x86_64, r-devel-windows-x86_64, r-patched-linux-x86_64, r-release-linux-x86_64, r-release-macos-arm64, r-release-macos-x86_64, r-release-windows-x86_64, r-oldrel-macos-arm64, r-oldrel-macos-x86_64, r-oldrel-windows-x86_64

Version: 0.1.1
Check: LazyData
Result: NOTE 'LazyData' is specified without a 'data' directory Flavors: r-patched-linux-x86_64, r-release-linux-x86_64, r-release-macos-arm64, r-release-macos-x86_64, r-release-windows-x86_64, r-oldrel-macos-arm64, r-oldrel-macos-x86_64, r-oldrel-windows-x86_64

mirror server hosted at Truenetwork, Russian Federation.