CRAN Package Check Results for Package ediblecity

Last updated on 2025-07-16 07:49:04 CEST.

Flavor Version Tinstall Tcheck Ttotal Status Flags
r-devel-linux-x86_64-debian-clang 0.2.1 7.49 100.63 108.12 NOTE
r-devel-linux-x86_64-debian-gcc 0.2.1 6.08 68.97 75.05 NOTE
r-devel-linux-x86_64-fedora-clang 0.2.1 169.70 NOTE
r-devel-linux-x86_64-fedora-gcc 0.2.1 177.24 NOTE
r-devel-windows-x86_64 0.2.1 8.00 104.00 112.00 NOTE
r-patched-linux-x86_64 0.2.1 7.93 92.79 100.72 NOTE
r-release-linux-x86_64 0.2.1 7.84 90.76 98.60 NOTE
r-release-macos-arm64 0.2.1 70.00 NOTE
r-release-macos-x86_64 0.2.1 107.00 NOTE
r-release-windows-x86_64 0.2.1 9.00 108.00 117.00 NOTE
r-oldrel-macos-arm64 0.2.1 52.00 OK
r-oldrel-macos-x86_64 0.2.1 78.00 OK
r-oldrel-windows-x86_64 0.2.1 11.00 135.00 146.00 OK

Check Details

Version: 0.2.1
Check: DESCRIPTION meta-information
Result: NOTE Author field differs from that derived from Authors@R Author: ‘Josep Pueyo-Ros [aut, cre] (<https://orcid.org/0000-0002-1236-5651>), ICRA - Catalan Institute for Water Research [fnd] (Edicitnet, 776665)’ Authors@R: ‘Josep Pueyo-Ros [aut, cre] (ORCID: <https://orcid.org/0000-0002-1236-5651>), ICRA - Catalan Institute for Water Research [fnd] (project: Edicitnet, grant_agreement: 776665)’ Missing dependency on R >= 4.1.0 because package code uses the pipe |> or function shorthand \(...) syntax added in R 4.1.0. File(s) using such syntax: ‘indicator_volunteers.R’ Flavors: r-devel-linux-x86_64-debian-clang, r-devel-linux-x86_64-debian-gcc

Version: 0.2.1
Check: DESCRIPTION meta-information
Result: NOTE Missing dependency on R >= 4.1.0 because package code uses the pipe |> or function shorthand \(...) syntax added in R 4.1.0. File(s) using such syntax: ‘indicator_volunteers.R’ Flavors: r-devel-linux-x86_64-fedora-clang, r-devel-linux-x86_64-fedora-gcc, r-devel-windows-x86_64, r-patched-linux-x86_64, r-release-linux-x86_64, r-release-macos-arm64, r-release-macos-x86_64, r-release-windows-x86_64

mirror server hosted at Truenetwork, Russian Federation.