Last updated on 2025-05-22 06:51:44 CEST.
Flavor | Version | Tinstall | Tcheck | Ttotal | Status | Flags |
---|---|---|---|---|---|---|
r-devel-linux-x86_64-debian-clang | 1.2.1 | 3.64 | 41.44 | 45.08 | OK | |
r-devel-linux-x86_64-debian-gcc | 1.2.1 | 2.58 | 29.52 | 32.10 | OK | |
r-devel-linux-x86_64-fedora-clang | 1.2.1 | 73.60 | OK | |||
r-devel-linux-x86_64-fedora-gcc | 1.2.1 | 85.68 | OK | |||
r-devel-windows-x86_64 | 1.2.1 | 4.00 | 59.00 | 63.00 | OK | |
r-patched-linux-x86_64 | 1.2.1 | 3.74 | 39.76 | 43.50 | OK | |
r-release-linux-x86_64 | 1.2.1 | 3.23 | 39.57 | 42.80 | OK | |
r-release-macos-arm64 | 1.2.1 | 35.00 | OK | |||
r-release-macos-x86_64 | 1.2.1 | 58.00 | OK | |||
r-release-windows-x86_64 | 1.2.1 | 5.00 | 60.00 | 65.00 | OK | |
r-oldrel-macos-arm64 | 1.2.1 | 30.00 | NOTE | |||
r-oldrel-macos-x86_64 | 1.2.1 | 44.00 | NOTE | |||
r-oldrel-windows-x86_64 | 1.2.1 | 5.00 | 70.00 | 75.00 | NOTE |
Version: 1.2.1
Check: LazyData
Result: NOTE
'LazyData' is specified without a 'data' directory
Flavors: r-oldrel-macos-arm64, r-oldrel-macos-x86_64, r-oldrel-windows-x86_64