Last updated on 2025-11-04 11:52:29 CET.
| Flavor | Version | Tinstall | Tcheck | Ttotal | Status | Flags | 
|---|---|---|---|---|---|---|
| r-devel-linux-x86_64-debian-clang | 1.0.0 | 1.61 | 332.79 | 334.40 | NOTE | |
| r-devel-linux-x86_64-debian-gcc | 1.0.0 | 1.76 | 194.73 | 196.49 | NOTE | |
| r-devel-linux-x86_64-fedora-clang | 1.0.0 | 635.20 | OK | |||
| r-devel-linux-x86_64-fedora-gcc | 1.0.0 | 627.40 | OK | |||
| r-devel-windows-x86_64 | 1.0.0 | 3.00 | 290.00 | 293.00 | OK | |
| r-patched-linux-x86_64 | 1.0.0 | 2.37 | 339.77 | 342.14 | OK | |
| r-release-linux-x86_64 | 1.0.0 | 2.16 | 347.76 | 349.92 | OK | |
| r-release-macos-arm64 | 1.0.0 | 1.00 | 121.00 | 122.00 | OK | |
| r-release-macos-x86_64 | 1.0.0 | 2.00 | 297.00 | 299.00 | OK | |
| r-release-windows-x86_64 | 1.0.0 | 3.00 | 288.00 | 291.00 | OK | |
| r-oldrel-macos-arm64 | 1.0.0 | 1.00 | 110.00 | 111.00 | OK | |
| r-oldrel-macos-x86_64 | 1.0.0 | 2.00 | 205.00 | 207.00 | OK | |
| r-oldrel-windows-x86_64 | 1.0.0 | 4.00 | 392.00 | 396.00 | OK | 
Version: 1.0.0
Check: CRAN incoming feasibility
Result: NOTE
  Maintainer: ‘Michal Kolesár <kolesarmi@googlemail.com>’
  
  The Description field contains
    and Plagborg-Møller (2020) <arXiv:2004.03448>.
  Please refer to arXiv e-prints via their arXiv DOI <doi:10.48550/arXiv.YYMM.NNNNN>.
Flavors: r-devel-linux-x86_64-debian-clang, r-devel-linux-x86_64-debian-gcc