CRAN Package Check Results for Package ebal

Last updated on 2025-11-04 11:52:29 CET.

Flavor Version Tinstall Tcheck Ttotal Status Flags
r-devel-linux-x86_64-debian-clang 0.1-8 1.43 22.02 23.45 NOTE
r-devel-linux-x86_64-debian-gcc 0.1-8 1.55 17.65 19.20 NOTE
r-devel-linux-x86_64-fedora-clang 0.1-8 35.37 OK
r-devel-linux-x86_64-fedora-gcc 0.1-8 33.71 OK
r-devel-windows-x86_64 0.1-8 2.00 42.00 44.00 OK
r-patched-linux-x86_64 0.1-8 2.03 20.62 22.65 OK
r-release-linux-x86_64 0.1-8 1.88 20.57 22.45 OK
r-release-macos-arm64 0.1-8 1.00 16.00 17.00 OK
r-release-macos-x86_64 0.1-8 2.00 22.00 24.00 OK
r-release-windows-x86_64 0.1-8 3.00 41.00 44.00 OK
r-oldrel-macos-arm64 0.1-8 1.00 14.00 15.00 OK
r-oldrel-macos-x86_64 0.1-8 2.00 19.00 21.00 OK
r-oldrel-windows-x86_64 0.1-8 2.00 42.00 44.00 OK

Check Details

Version: 0.1-8
Check: CRAN incoming feasibility
Result: NOTE Maintainer: ‘Jens Hainmueller <jhain@stanford.edu>’ No Authors@R field in DESCRIPTION. Please add one, modifying Authors@R: person(given = "Jens", family = "Hainmueller", role = c("aut", "cre"), email = "jhain@stanford.edu") as necessary. Flavors: r-devel-linux-x86_64-debian-clang, r-devel-linux-x86_64-debian-gcc

mirror server hosted at Truenetwork, Russian Federation.