Last updated on 2025-11-04 05:51:09 CET.
| Flavor | Version | Tinstall | Tcheck | Ttotal | Status | Flags | 
|---|---|---|---|---|---|---|
| r-devel-linux-x86_64-debian-clang | 1.1.2 | 3.16 | 55.53 | 58.69 | OK | |
| r-devel-linux-x86_64-debian-gcc | 1.1.2 | 2.52 | 44.28 | 46.80 | OK | |
| r-devel-linux-x86_64-fedora-clang | 1.1.2 | 92.31 | OK | |||
| r-devel-linux-x86_64-fedora-gcc | 1.1.2 | 114.79 | OK | |||
| r-devel-windows-x86_64 | 1.1.2 | 5.00 | 79.00 | 84.00 | OK | |
| r-patched-linux-x86_64 | 1.1.2 | 4.20 | 53.41 | 57.61 | OK | |
| r-release-linux-x86_64 | 1.1.2 | 3.30 | 53.28 | 56.58 | OK | |
| r-release-macos-arm64 | 1.1.2 | 2.00 | 60.00 | 62.00 | OK | |
| r-release-macos-x86_64 | 1.1.2 | 3.00 | 87.00 | 90.00 | OK | |
| r-release-windows-x86_64 | 1.1.2 | 5.00 | 77.00 | 82.00 | OK | |
| r-oldrel-macos-arm64 | 1.1.2 | 2.00 | 41.00 | 43.00 | NOTE | |
| r-oldrel-macos-x86_64 | 1.1.2 | 3.00 | 63.00 | 66.00 | NOTE | |
| r-oldrel-windows-x86_64 | 1.1.2 | 7.00 | 93.00 | 100.00 | NOTE | 
Version: 1.1.2
Check: package dependencies
Result: NOTE
  Package which this enhances but not available for checking: ‘gurobi’
Flavors: r-oldrel-macos-arm64, r-oldrel-macos-x86_64, r-oldrel-windows-x86_64