CRAN Package Check Results for Package easyr

Last updated on 2025-07-13 18:52:42 CEST.

Flavor Version Tinstall Tcheck Ttotal Status Flags
r-devel-linux-x86_64-debian-clang 0.5-11 5.32 54.63 59.95 OK
r-devel-linux-x86_64-debian-gcc 0.5-11 3.34 38.18 41.52 OK
r-devel-linux-x86_64-fedora-clang 0.5-11 93.03 NOTE
r-devel-linux-x86_64-fedora-gcc 0.5-11 113.01 NOTE
r-devel-windows-x86_64 0.5-11 7.00 84.00 91.00 OK
r-patched-linux-x86_64 0.5-11 5.98 51.29 57.27 OK
r-release-linux-x86_64 0.5-11 4.08 50.78 54.86 OK
r-release-macos-arm64 0.5-11 45.00 OK
r-release-macos-x86_64 0.5-11 63.00 OK
r-release-windows-x86_64 0.5-11 7.00 88.00 95.00 OK
r-oldrel-macos-arm64 0.5-11 38.00 OK
r-oldrel-macos-x86_64 0.5-11 67.00 OK
r-oldrel-windows-x86_64 0.5-11 9.00 102.00 111.00 OK

Check Details

Version: 0.5-11
Check: dependencies in R code
Result: NOTE Namespace in Imports field not imported from: ‘rprojroot’ All declared Imports should be used. Flavors: r-devel-linux-x86_64-fedora-clang, r-devel-linux-x86_64-fedora-gcc

mirror server hosted at Truenetwork, Russian Federation.