Last updated on 2025-07-16 07:49:04 CEST.
Flavor | Version | Tinstall | Tcheck | Ttotal | Status | Flags |
---|---|---|---|---|---|---|
r-devel-linux-x86_64-debian-clang | 0.1.0 | 7.01 | 56.78 | 63.79 | OK | |
r-devel-linux-x86_64-debian-gcc | 0.1.0 | 4.41 | 40.38 | 44.79 | OK | |
r-devel-linux-x86_64-fedora-clang | 0.1.0 | 98.20 | OK | |||
r-devel-linux-x86_64-fedora-gcc | 0.1.0 | 106.39 | OK | |||
r-devel-windows-x86_64 | 0.1.0 | 8.00 | 68.00 | 76.00 | OK | |
r-patched-linux-x86_64 | 0.1.0 | 6.58 | 51.02 | 57.60 | OK | |
r-release-linux-x86_64 | 0.1.0 | 6.61 | 52.24 | 58.85 | OK | |
r-release-macos-arm64 | 0.1.0 | 36.00 | OK | |||
r-release-macos-x86_64 | 0.1.0 | 63.00 | OK | |||
r-release-windows-x86_64 | 0.1.0 | 8.00 | 76.00 | 84.00 | OK | |
r-oldrel-macos-arm64 | 0.1.0 | 36.00 | NOTE | |||
r-oldrel-macos-x86_64 | 0.1.0 | 53.00 | NOTE | |||
r-oldrel-windows-x86_64 | 0.1.0 | 11.00 | 83.00 | 94.00 | NOTE |
Version: 0.1.0
Check: LazyData
Result: NOTE
'LazyData' is specified without a 'data' directory
Flavors: r-oldrel-macos-arm64, r-oldrel-macos-x86_64, r-oldrel-windows-x86_64