Last updated on 2025-11-03 17:49:48 CET.
| Flavor | Version | Tinstall | Tcheck | Ttotal | Status | Flags |
|---|---|---|---|---|---|---|
| r-devel-linux-x86_64-debian-clang | 0.1.0 | 4.03 | 36.54 | 40.57 | OK | |
| r-devel-linux-x86_64-debian-gcc | 0.1.0 | 2.83 | 26.45 | 29.28 | OK | |
| r-devel-linux-x86_64-fedora-clang | 0.1.0 | 59.87 | NOTE | |||
| r-devel-linux-x86_64-fedora-gcc | 0.1.0 | 11.00 | 47.83 | 58.83 | NOTE | |
| r-devel-windows-x86_64 | 0.1.0 | 7.00 | 51.00 | 58.00 | OK | |
| r-patched-linux-x86_64 | 0.1.0 | 3.63 | 33.69 | 37.32 | OK | |
| r-release-linux-x86_64 | 0.1.0 | 3.85 | 33.72 | 37.57 | OK | |
| r-release-macos-arm64 | 0.1.0 | 3.00 | 26.00 | 29.00 | OK | |
| r-release-macos-x86_64 | 0.1.0 | 3.00 | 33.00 | 36.00 | OK | |
| r-release-windows-x86_64 | 0.1.0 | 6.00 | 49.00 | 55.00 | OK | |
| r-oldrel-macos-arm64 | 0.1.0 | 2.00 | 23.00 | 25.00 | OK | |
| r-oldrel-macos-x86_64 | 0.1.0 | 3.00 | 37.00 | 40.00 | OK | |
| r-oldrel-windows-x86_64 | 0.1.0 | 8.00 | 61.00 | 69.00 | OK |
Version: 0.1.0
Check: dependencies in R code
Result: NOTE
Namespace in Imports field not imported from: ‘scales’
All declared Imports should be used.
Flavors: r-devel-linux-x86_64-fedora-clang, r-devel-linux-x86_64-fedora-gcc