CRAN Package Check Results for Package easy.utils

Last updated on 2025-07-04 12:48:58 CEST.

Flavor Version Tinstall Tcheck Ttotal Status Flags
r-devel-linux-x86_64-debian-clang 0.1.0 4.20 34.76 38.96 OK
r-devel-linux-x86_64-debian-gcc 0.1.0 2.99 25.96 28.95 OK
r-devel-linux-x86_64-fedora-clang 0.1.0 59.24 NOTE
r-devel-linux-x86_64-fedora-gcc 0.1.0 56.82 NOTE
r-devel-windows-x86_64 0.1.0 5.00 53.00 58.00 OK
r-patched-linux-x86_64 0.1.0 4.04 32.41 36.45 OK
r-release-linux-x86_64 0.1.0 3.86 32.14 36.00 OK
r-release-macos-arm64 0.1.0 29.00 OK
r-release-macos-x86_64 0.1.0 36.00 OK
r-release-windows-x86_64 0.1.0 5.00 54.00 59.00 OK
r-oldrel-macos-arm64 0.1.0 25.00 OK
r-oldrel-macos-x86_64 0.1.0 40.00 OK
r-oldrel-windows-x86_64 0.1.0 7.00 61.00 68.00 OK

Check Details

Version: 0.1.0
Check: dependencies in R code
Result: NOTE Namespace in Imports field not imported from: ‘scales’ All declared Imports should be used. Flavors: r-devel-linux-x86_64-fedora-clang, r-devel-linux-x86_64-fedora-gcc

mirror server hosted at Truenetwork, Russian Federation.