CRAN Package Check Results for Package eList

Last updated on 2025-02-22 11:51:25 CET.

Flavor Version Tinstall Tcheck Ttotal Status Flags
r-devel-linux-x86_64-debian-clang 0.2.0 2.45 25.42 27.87 OK
r-devel-linux-x86_64-debian-gcc 0.2.0 1.79 20.31 22.10 OK
r-devel-linux-x86_64-fedora-clang 0.2.0 45.97 OK
r-devel-linux-x86_64-fedora-gcc 0.2.0 57.63 OK
r-devel-macos-arm64 0.2.0 29.00 OK
r-devel-macos-x86_64 0.2.0 64.00 OK
r-devel-windows-x86_64 0.2.0 4.00 48.00 52.00 OK
r-patched-linux-x86_64 0.2.0 2.52 23.97 26.49 NOTE
r-release-linux-x86_64 0.2.0 2.23 24.06 26.29 NOTE
r-release-macos-arm64 0.2.0 26.00 NOTE
r-release-macos-x86_64 0.2.0 36.00 NOTE
r-release-windows-x86_64 0.2.0 4.00 48.00 52.00 NOTE
r-oldrel-macos-arm64 0.2.0 25.00 NOTE
r-oldrel-macos-x86_64 0.2.0 33.00 NOTE
r-oldrel-windows-x86_64 0.2.0 5.00 50.00 55.00 NOTE

Check Details

Version: 0.2.0
Check: LazyData
Result: NOTE 'LazyData' is specified without a 'data' directory Flavors: r-patched-linux-x86_64, r-release-linux-x86_64, r-release-macos-arm64, r-release-macos-x86_64, r-release-windows-x86_64, r-oldrel-macos-arm64, r-oldrel-macos-x86_64, r-oldrel-windows-x86_64

mirror server hosted at Truenetwork, Russian Federation.