Last updated on 2025-07-13 18:52:42 CEST.
Flavor | Version | Tinstall | Tcheck | Ttotal | Status | Flags |
---|---|---|---|---|---|---|
r-devel-linux-x86_64-debian-clang | 2.2.9 | 29.06 | 363.91 | 392.97 | NOTE | |
r-devel-linux-x86_64-debian-gcc | 2.2.9 | 19.67 | 228.96 | 248.63 | NOTE | |
r-devel-linux-x86_64-fedora-clang | 2.2.9 | 642.54 | OK | |||
r-devel-linux-x86_64-fedora-gcc | 2.2.9 | 616.99 | OK | |||
r-devel-windows-x86_64 | 2.2.9 | 28.00 | 424.00 | 452.00 | OK | |
r-patched-linux-x86_64 | 2.2.9 | 30.07 | 342.50 | 372.57 | OK | |
r-release-linux-x86_64 | 2.2.9 | 27.18 | 337.58 | 364.76 | OK | |
r-release-macos-arm64 | 2.2.9 | 224.00 | OK | |||
r-release-macos-x86_64 | 2.2.9 | 434.00 | OK | |||
r-release-windows-x86_64 | 2.2.9 | 27.00 | 442.00 | 469.00 | OK | |
r-oldrel-macos-arm64 | 2.2.9 | 210.00 | OK | |||
r-oldrel-macos-x86_64 | 2.2.9 | 317.00 | OK | |||
r-oldrel-windows-x86_64 | 2.2.9 | 40.00 | 597.00 | 637.00 | OK |
Version: 2.2.9
Check: CRAN incoming feasibility
Result: NOTE
Maintainer: ‘Matteo Marcantonio <marcantoniomatteo@gmail.com>’
The BugReports field in DESCRIPTION has
https://github.com/mattmar/dynamAedes
which should likely be
https://github.com/mattmar/dynamAedes/issues
instead.
Flavors: r-devel-linux-x86_64-debian-clang, r-devel-linux-x86_64-debian-gcc