Last updated on 2025-05-19 18:50:25 CEST.
Flavor | Version | Tinstall | Tcheck | Ttotal | Status | Flags |
---|---|---|---|---|---|---|
r-devel-linux-x86_64-debian-clang | 0.3.0 | 2.65 | 37.70 | 40.35 | NOTE | |
r-devel-linux-x86_64-debian-gcc | 0.3.0 | 2.00 | 30.32 | 32.32 | NOTE | |
r-devel-linux-x86_64-fedora-clang | 0.3.0 | 61.92 | OK | |||
r-devel-linux-x86_64-fedora-gcc | 0.3.0 | 74.58 | OK | |||
r-devel-windows-x86_64 | 0.3.0 | 5.00 | 65.00 | 70.00 | OK | |
r-patched-linux-x86_64 | 0.3.0 | 2.91 | 35.19 | 38.10 | OK | |
r-release-linux-x86_64 | 0.3.0 | 2.78 | 35.03 | 37.81 | OK | |
r-release-macos-arm64 | 0.3.0 | 37.00 | OK | |||
r-release-macos-x86_64 | 0.3.0 | 52.00 | OK | |||
r-release-windows-x86_64 | 0.3.0 | 5.00 | 66.00 | 71.00 | OK | |
r-oldrel-macos-arm64 | 0.3.0 | 32.00 | OK | |||
r-oldrel-macos-x86_64 | 0.3.0 | 43.00 | OK | |||
r-oldrel-windows-x86_64 | 0.3.0 | 5.00 | 64.00 | 69.00 | OK |
Version: 0.3.0
Check: CRAN incoming feasibility
Result: NOTE
Maintainer: ‘Juan Julián Merelo-Guervós <jjmerelo@gmail.com>’
No Authors@R field in DESCRIPTION.
Please add one, modifying
Authors@R: person(given = c("Juan", "Julián"),
family = "Merelo-Guervós",
role = c("aut", "cre"),
email = "jjmerelo@gmail.com")
as necessary.
Flavors: r-devel-linux-x86_64-debian-clang, r-devel-linux-x86_64-debian-gcc