Last updated on 2025-07-13 06:48:23 CEST.
Flavor | Version | Tinstall | Tcheck | Ttotal | Status | Flags |
---|---|---|---|---|---|---|
r-devel-linux-x86_64-debian-clang | 1.3.2 | 3496.65 | 98.57 | 3595.22 | OK | |
r-devel-linux-x86_64-debian-gcc | 1.3.2 | 2902.61 | 78.87 | 2981.48 | OK | |
r-devel-linux-x86_64-fedora-clang | 1.3.2 | 6070.42 | OK | |||
r-devel-linux-x86_64-fedora-gcc | 1.3.2 | 8120.46 | OK | |||
r-devel-windows-x86_64 | 1.3.1 | 3840.00 | 437.00 | 4277.00 | OK | |
r-patched-linux-x86_64 | 1.3.1 | 4017.16 | 94.09 | 4111.25 | OK | |
r-release-linux-x86_64 | 1.3.2 | 3986.10 | 93.10 | 4079.20 | OK | |
r-release-macos-arm64 | 1.3.1 | 962.00 | OK | |||
r-release-macos-x86_64 | 1.3.2 | 932.00 | OK | |||
r-release-windows-x86_64 | 1.3.2 | 3865.00 | 440.00 | 4305.00 | OK | |
r-oldrel-macos-arm64 | 1.3.1 | 1025.00 | NOTE | |||
r-oldrel-macos-x86_64 | 1.3.2 | 999.00 | NOTE | |||
r-oldrel-windows-x86_64 | 1.3.1 | 4025.00 | 552.00 | 4577.00 | NOTE |
Version: 1.3.1
Check: installed package size
Result: NOTE
installed size is 53.2Mb
sub-directories of 1Mb or more:
libs 52.4Mb
Flavors: r-oldrel-macos-arm64, r-oldrel-windows-x86_64
Version: 1.3.2
Check: installed package size
Result: NOTE
installed size is 52.6Mb
sub-directories of 1Mb or more:
libs 51.8Mb
Flavor: r-oldrel-macos-x86_64