CRAN Package Check Results for Package dstat

Last updated on 2025-11-04 11:52:29 CET.

Flavor Version Tinstall Tcheck Ttotal Status Flags
r-devel-linux-x86_64-debian-clang 1.0.4 1.94 20.64 22.58 NOTE
r-devel-linux-x86_64-debian-gcc 1.0.4 1.54 16.70 18.24 NOTE
r-devel-linux-x86_64-fedora-clang 1.0.4 32.75 OK
r-devel-linux-x86_64-fedora-gcc 1.0.4 31.15 OK
r-devel-windows-x86_64 1.0.4 4.00 39.00 43.00 OK
r-patched-linux-x86_64 1.0.4 1.83 19.26 21.09 OK
r-release-linux-x86_64 1.0.4 1.78 19.22 21.00 OK
r-release-macos-arm64 1.0.4 1.00 19.00 20.00 OK
r-release-macos-x86_64 1.0.4 2.00 21.00 23.00 OK
r-release-windows-x86_64 1.0.4 3.00 38.00 41.00 OK
r-oldrel-macos-arm64 1.0.4 1.00 14.00 15.00 OK
r-oldrel-macos-x86_64 1.0.4 2.00 19.00 21.00 OK
r-oldrel-windows-x86_64 1.0.4 2.00 40.00 42.00 OK

Check Details

Version: 1.0.4
Check: CRAN incoming feasibility
Result: NOTE Maintainer: ‘Paul R. Rosenbaum <rosenbaum@wharton.upenn.edu>’ No Authors@R field in DESCRIPTION. Please add one, modifying Authors@R: person(given = c("Paul", "R."), family = "Rosenbaum", role = c("aut", "cre"), email = "rosenbaum@wharton.upenn.edu") as necessary. Flavors: r-devel-linux-x86_64-debian-clang, r-devel-linux-x86_64-debian-gcc

mirror server hosted at Truenetwork, Russian Federation.